CRAN Package Check Results for Package qat

Last updated on 2022-09-29 10:52:52 CEST.

Flavor Version Tinstall Tcheck Ttotal Status Flags
r-devel-linux-x86_64-debian-clang 0.74 16.94 218.78 235.72 NOTE
r-devel-linux-x86_64-debian-gcc 0.74 14.42 158.11 172.53 NOTE
r-devel-linux-x86_64-fedora-clang 0.74 293.36 NOTE
r-devel-linux-x86_64-fedora-gcc 0.74 279.61 NOTE
r-devel-windows-x86_64 0.74 91.00 273.00 364.00 NOTE
r-patched-linux-x86_64 0.74 17.56 206.71 224.27 NOTE
r-release-linux-x86_64 0.74 15.05 201.10 216.15 NOTE
r-release-macos-arm64 0.74 82.00 OK
r-release-macos-x86_64 0.74 147.00 OK
r-release-windows-x86_64 0.74 89.00 274.00 363.00 OK
r-oldrel-macos-arm64 0.74 125.00 OK
r-oldrel-macos-x86_64 0.74 132.00 OK
r-oldrel-windows-ix86+x86_64 0.74 37.00 243.00 280.00 OK

Check Details

Version: 0.74
Check: Rd files
Result: NOTE
    checkRd: (-1) qat_add_algorithm.Rd:13: Escaped LaTeX specials: \_ \_ \_
    checkRd: (-1) qat_add_all_algorithms.Rd:13: Escaped LaTeX specials: \_ \_ \_
    checkRd: (-1) qat_add_all_algorithms.Rd:16: Escaped LaTeX specials: \_
    checkRd: (-1) qat_add_all_descriptions.Rd:13: Escaped LaTeX specials: \_ \_ \_
    checkRd: (-1) qat_add_all_descriptions.Rd:16: Escaped LaTeX specials: \_
    checkRd: (-1) qat_add_comment.Rd:6: Escaped LaTeX specials: \_ \_
    checkRd: (-1) qat_add_comment.Rd:13: Escaped LaTeX specials: \_ \_ \_
    checkRd: (-1) qat_add_description.Rd:13: Escaped LaTeX specials: \_ \_ \_
    checkRd: (-1) qat_add_resultfile.Rd:5: Escaped LaTeX specials: \_
    checkRd: (-1) qat_add_resultfile.Rd:11: Escaped LaTeX specials: \_ \_ \_
    checkRd: (-1) qat_analyse_histogram_test_1d.Rd:33: Escaped LaTeX specials: \_ \_
    checkRd: (-1) qat_analyse_histogram_test_2d.Rd:32: Escaped LaTeX specials: \_ \_
    checkRd: (-1) qat_analyse_histogram_test_emd_1d.Rd:23: Escaped LaTeX specials: \_ \_
    checkRd: (-1) qat_analyse_histogram_test_emd_2d.Rd:23: Escaped LaTeX specials: \_ \_
    checkRd: (-1) qat_analyse_histogram_test_jsd_1d.Rd:27: Escaped LaTeX specials: \_ \_
    checkRd: (-1) qat_analyse_histogram_test_jsd_2d.Rd:27: Escaped LaTeX specials: \_ \_
    checkRd: (-1) qat_analyse_histogram_test_kld_1d.Rd:26: Escaped LaTeX specials: \_ \_
    checkRd: (-1) qat_analyse_histogram_test_kld_2d.Rd:26: Escaped LaTeX specials: \_ \_
    checkRd: (-1) qat_analyse_histogram_test_ms_1d.Rd:23: Escaped LaTeX specials: \_ \_
    checkRd: (-1) qat_analyse_histogram_test_ms_2d.Rd:23: Escaped LaTeX specials: \_ \_
    checkRd: (-1) qat_analyse_histogram_test_rms_1d.Rd:24: Escaped LaTeX specials: \_ \_
    checkRd: (-1) qat_analyse_histogram_test_rms_2d.Rd:22: Escaped LaTeX specials: \_ \_
    checkRd: (-1) qat_analyse_lim_rule_dynamic_1d.Rd:31: Escaped LaTeX specials: \_
    checkRd: (-1) qat_analyse_lim_rule_dynamic_1d.Rd:32: Escaped LaTeX specials: \_
    checkRd: (-1) qat_analyse_lim_rule_dynamic_1d.Rd:33: Escaped LaTeX specials: \_ \_
    checkRd: (-1) qat_analyse_lim_rule_dynamic_1d.Rd:34: Escaped LaTeX specials: \_ \_
    checkRd: (-1) qat_analyse_lim_rule_dynamic_1d.Rd:36: Escaped LaTeX specials: \_ \_
    checkRd: (-1) qat_analyse_lim_rule_dynamic_2d.Rd:29: Escaped LaTeX specials: \_
    checkRd: (-1) qat_analyse_lim_rule_dynamic_2d.Rd:30: Escaped LaTeX specials: \_
    checkRd: (-1) qat_analyse_lim_rule_dynamic_2d.Rd:31: Escaped LaTeX specials: \_ \_
    checkRd: (-1) qat_analyse_lim_rule_dynamic_2d.Rd:32: Escaped LaTeX specials: \_ \_
    checkRd: (-1) qat_analyse_lim_rule_dynamic_2d.Rd:34: Escaped LaTeX specials: \_ \_
    checkRd: (-1) qat_analyse_lim_rule_sigma_1d.Rd:23: Escaped LaTeX specials: \_
    checkRd: (-1) qat_analyse_lim_rule_sigma_1d.Rd:27: Escaped LaTeX specials: \_ \_
    checkRd: (-1) qat_analyse_lim_rule_sigma_2d.Rd:23: Escaped LaTeX specials: \_
    checkRd: (-1) qat_analyse_lim_rule_sigma_2d.Rd:27: Escaped LaTeX specials: \_ \_
    checkRd: (-1) qat_analyse_lim_rule_static_1d.Rd:23: Escaped LaTeX specials: \_
    checkRd: (-1) qat_analyse_lim_rule_static_1d.Rd:24: Escaped LaTeX specials: \_
    checkRd: (-1) qat_analyse_lim_rule_static_1d.Rd:26: Escaped LaTeX specials: \_ \_
    checkRd: (-1) qat_analyse_lim_rule_static_2d.Rd:23: Escaped LaTeX specials: \_
    checkRd: (-1) qat_analyse_lim_rule_static_2d.Rd:24: Escaped LaTeX specials: \_
    checkRd: (-1) qat_analyse_lim_rule_static_2d.Rd:26: Escaped LaTeX specials: \_ \_
    checkRd: (-1) qat_analyse_noc_rule_1d.Rd:17: Escaped LaTeX specials: \_ \_
    checkRd: (-1) qat_analyse_noc_rule_1d.Rd:22: Escaped LaTeX specials: \_ \_
    checkRd: (-1) qat_analyse_noc_rule_1d.Rd:24: Escaped LaTeX specials: \_ \_
    checkRd: (-1) qat_analyse_noc_rule_2d.Rd:17: Escaped LaTeX specials: \_ \_
    checkRd: (-1) qat_analyse_noc_rule_2d.Rd:22: Escaped LaTeX specials: \_ \_
    checkRd: (-1) qat_analyse_noc_rule_2d.Rd:24: Escaped LaTeX specials: \_ \_
    checkRd: (-1) qat_analyse_roc_rule_dynamic_1d.Rd:29: Escaped LaTeX specials: \_ \_
    checkRd: (-1) qat_analyse_roc_rule_dynamic_1d.Rd:30: Escaped LaTeX specials: \_ \_
    checkRd: (-1) qat_analyse_roc_rule_dynamic_1d.Rd:31: Escaped LaTeX specials: \_ \_
    checkRd: (-1) qat_analyse_roc_rule_dynamic_1d.Rd:32: Escaped LaTeX specials: \_ \_
    checkRd: (-1) qat_analyse_roc_rule_dynamic_1d.Rd:34: Escaped LaTeX specials: \_ \_
    checkRd: (-1) qat_analyse_roc_rule_dynamic_2d.Rd:29: Escaped LaTeX specials: \_ \_
    checkRd: (-1) qat_analyse_roc_rule_dynamic_2d.Rd:30: Escaped LaTeX specials: \_ \_
    checkRd: (-1) qat_analyse_roc_rule_dynamic_2d.Rd:31: Escaped LaTeX specials: \_ \_
    checkRd: (-1) qat_analyse_roc_rule_dynamic_2d.Rd:32: Escaped LaTeX specials: \_ \_
    checkRd: (-1) qat_analyse_roc_rule_dynamic_2d.Rd:34: Escaped LaTeX specials: \_ \_
    checkRd: (-1) qat_analyse_roc_rule_static_1d.Rd:24: Escaped LaTeX specials: \_ \_
    checkRd: (-1) qat_analyse_roc_rule_static_1d.Rd:25: Escaped LaTeX specials: \_ \_
    checkRd: (-1) qat_analyse_roc_rule_static_1d.Rd:27: Escaped LaTeX specials: \_ \_
    checkRd: (-1) qat_analyse_roc_rule_static_2d.Rd:24: Escaped LaTeX specials: \_ \_
    checkRd: (-1) qat_analyse_roc_rule_static_2d.Rd:25: Escaped LaTeX specials: \_ \_
    checkRd: (-1) qat_analyse_roc_rule_static_2d.Rd:27: Escaped LaTeX specials: \_ \_
    checkRd: (-1) qat_analyse_set_nans_1d.Rd:16: Escaped LaTeX specials: \_
    checkRd: (-1) qat_analyse_set_nans_2d.Rd:16: Escaped LaTeX specials: \_
    checkRd: (-1) qat_analyse_set_nans_above_1d.Rd:16: Escaped LaTeX specials: \_
    checkRd: (-1) qat_analyse_set_nans_above_2d.Rd:16: Escaped LaTeX specials: \_
    checkRd: (-1) qat_analyse_set_nans_below_1d.Rd:16: Escaped LaTeX specials: \_
    checkRd: (-1) qat_analyse_set_nans_below_2d.Rd:16: Escaped LaTeX specials: \_
    checkRd: (-1) qat_call_block_distribution.Rd:6: Escaped LaTeX specials: \_ \_ \_ \_ \_
    checkRd: (-1) qat_call_block_distribution.Rd:30: Escaped LaTeX specials: \_ \_ \_ \_ \_
    checkRd: (-1) qat_call_boot_distribution.Rd:6: Escaped LaTeX specials: \_ \_ \_ \_ \_
    checkRd: (-1) qat_call_boot_distribution.Rd:30: Escaped LaTeX specials: \_ \_ \_ \_ \_
    checkRd: (-1) qat_call_distribution.Rd:6: Escaped LaTeX specials: \_ \_ \_ \_
    checkRd: (-1) qat_call_distribution.Rd:30: Escaped LaTeX specials: \_ \_ \_ \_
    checkRd: (-1) qat_call_histogram_test.Rd:6: Escaped LaTeX specials: \_ \_ \_ \_ \_ \_
    checkRd: (-1) qat_call_histogram_test.Rd:30: Escaped LaTeX specials: \_ \_ \_ \_ \_ \_ \_ \_ \_ \_ \_ \_ \_ \_ \_ \_
    checkRd: (-1) qat_call_lim_rule.Rd:6: Escaped LaTeX specials: \_ \_ \_ \_ \_ \_ \_ \_ \_ \_ \_ \_ \_ \_ \_ \_
    checkRd: (-1) qat_call_lim_rule.Rd:30: Escaped LaTeX specials: \_ \_ \_ \_ \_ \_ \_ \_ \_ \_ \_ \_ \_ \_ \_ \_
    checkRd: (-1) qat_call_noc_rule.Rd:6: Escaped LaTeX specials: \_ \_ \_ \_ \_
    checkRd: (-1) qat_call_noc_rule.Rd:29: Escaped LaTeX specials: \_ \_ \_ \_ \_
    checkRd: (-1) qat_call_plot_block_distribution.Rd:6: Escaped LaTeX specials: \_ \_ \_ \_
    checkRd: (-1) qat_call_plot_block_distribution.Rd:15: Escaped LaTeX specials: \_ \_ \_ \_
    checkRd: (-1) qat_call_plot_block_distribution.Rd:27: Escaped LaTeX specials: \_ \_ \_ \_ \_
    checkRd: (-1) qat_call_plot_boot_distribution.Rd:6: Escaped LaTeX specials: \_ \_ \_ \_
    checkRd: (-1) qat_call_plot_boot_distribution.Rd:14: Escaped LaTeX specials: \_ \_ \_ \_
    checkRd: (-1) qat_call_plot_boot_distribution.Rd:26: Escaped LaTeX specials: \_ \_ \_ \_ \_
    checkRd: (-1) qat_call_plot_distribution.Rd:6: Escaped LaTeX specials: \_ \_ \_
    checkRd: (-1) qat_call_plot_distribution.Rd:15: Escaped LaTeX specials: \_ \_ \_
    checkRd: (-1) qat_call_plot_distribution.Rd:27: Escaped LaTeX specials: \_ \_ \_ \_
    checkRd: (-1) qat_call_plot_histogram_test.Rd:6: Escaped LaTeX specials: \_ \_ \_ \_ \_
    checkRd: (-1) qat_call_plot_histogram_test.Rd:14: Escaped LaTeX specials: \_ \_ \_ \_ \_
    checkRd: (-1) qat_call_plot_histogram_test.Rd:26: Escaped LaTeX specials: \_ \_ \_ \_ \_ \_
    checkRd: (-1) qat_call_plot_lim_rule.Rd:6: Escaped LaTeX specials: \_ \_ \_ \_ \_ \_ \_ \_ \_ \_ \_ \_ \_ \_ \_
    checkRd: (-1) qat_call_plot_lim_rule.Rd:15: Escaped LaTeX specials: \_ \_ \_ \_ \_ \_ \_ \_ \_ \_ \_ \_ \_ \_ \_
    checkRd: (-1) qat_call_plot_lim_rule.Rd:27: Escaped LaTeX specials: \_ \_ \_ \_ \_ \_ \_ \_ \_ \_ \_ \_ \_ \_ \_ \_
    checkRd: (-1) qat_call_plot_noc_rule.Rd:6: Escaped LaTeX specials: \_ \_ \_ \_
    checkRd: (-1) qat_call_plot_noc_rule.Rd:15: Escaped LaTeX specials: \_ \_ \_ \_
    checkRd: (-1) qat_call_plot_noc_rule.Rd:27: Escaped LaTeX specials: \_ \_ \_ \_ \_
    checkRd: (-1) qat_call_plot_roc_rule.Rd:6: Escaped LaTeX specials: \_ \_ \_ \_ \_ \_ \_ \_ \_ \_
    checkRd: (-1) qat_call_plot_roc_rule.Rd:15: Escaped LaTeX specials: \_ \_ \_ \_ \_ \_ \_ \_ \_ \_
    checkRd: (-1) qat_call_plot_roc_rule.Rd:27: Escaped LaTeX specials: \_ \_ \_ \_ \_ \_ \_ \_ \_ \_ \_
    checkRd: (-1) qat_call_plot_slide_distribution.Rd:6: Escaped LaTeX specials: \_ \_ \_ \_
    checkRd: (-1) qat_call_plot_slide_distribution.Rd:15: Escaped LaTeX specials: \_ \_ \_ \_
    checkRd: (-1) qat_call_plot_slide_distribution.Rd:27: Escaped LaTeX specials: \_ \_ \_ \_ \_
    checkRd: (-1) qat_call_plot_trimmed_distribution.Rd:6: Escaped LaTeX specials: \_ \_ \_ \_
    checkRd: (-1) qat_call_plot_trimmed_distribution.Rd:15: Escaped LaTeX specials: \_ \_ \_ \_
    checkRd: (-1) qat_call_plot_trimmed_distribution.Rd:27: Escaped LaTeX specials: \_ \_ \_ \_ \_
    checkRd: (-1) qat_call_roc_rule.Rd:6: Escaped LaTeX specials: \_ \_ \_ \_ \_ \_ \_ \_ \_ \_ \_
    checkRd: (-1) qat_call_roc_rule.Rd:30: Escaped LaTeX specials: \_ \_ \_ \_ \_ \_ \_ \_ \_ \_ \_
    checkRd: (-1) qat_call_save_block_distribution.Rd:5: Escaped LaTeX specials: \_ \_ \_ \_
    checkRd: (-1) qat_call_save_block_distribution.Rd:30: Escaped LaTeX specials: \_ \_ \_ \_
    checkRd: (-1) qat_call_save_boot_distribution.Rd:5: Escaped LaTeX specials: \_ \_ \_ \_
    checkRd: (-1) qat_call_save_boot_distribution.Rd:29: Escaped LaTeX specials: \_ \_ \_ \_
    checkRd: (-1) qat_call_save_distribution.Rd:5: Escaped LaTeX specials: \_ \_ \_
    checkRd: (-1) qat_call_save_distribution.Rd:29: Escaped LaTeX specials: \_ \_ \_
    checkRd: (-1) qat_call_save_histogram_test.Rd:6: Escaped LaTeX specials: \_ \_ \_
    checkRd: (-1) qat_call_save_histogram_test.Rd:30: Escaped LaTeX specials: \_ \_ \_
    checkRd: (-1) qat_call_save_lim_rule.Rd:5: Escaped LaTeX specials: \_ \_ \_ \_ \_ \_ \_ \_ \_ \_ \_ \_ \_ \_ \_
    checkRd: (-1) qat_call_save_lim_rule.Rd:29: Escaped LaTeX specials: \_ \_ \_ \_ \_ \_ \_ \_ \_ \_ \_ \_ \_ \_ \_
    checkRd: (-1) qat_call_save_noc_rule.Rd:5: Escaped LaTeX specials: \_ \_ \_ \_
    checkRd: (-1) qat_call_save_noc_rule.Rd:29: Escaped LaTeX specials: \_ \_ \_ \_
    checkRd: (-1) qat_call_save_roc_rule.Rd:5: Escaped LaTeX specials: \_ \_ \_ \_ \_ \_ \_ \_ \_ \_
    checkRd: (-1) qat_call_save_roc_rule.Rd:29: Escaped LaTeX specials: \_ \_ \_ \_ \_ \_ \_ \_ \_ \_
    checkRd: (-1) qat_call_save_set_addup.Rd:8: Escaped LaTeX specials: \_ \_ \_ \_
    checkRd: (-1) qat_call_save_set_addup.Rd:32: Escaped LaTeX specials: \_ \_ \_ \_
    checkRd: (-1) qat_call_save_set_mean.Rd:8: Escaped LaTeX specials: \_ \_ \_ \_
    checkRd: (-1) qat_call_save_set_mean.Rd:32: Escaped LaTeX specials: \_ \_ \_ \_
    checkRd: (-1) qat_call_save_set_nans.Rd:8: Escaped LaTeX specials: \_ \_ \_ \_ \_ \_ \_ \_ \_ \_ \_ \_ \_ \_
    checkRd: (-1) qat_call_save_set_nans.Rd:33: Escaped LaTeX specials: \_ \_ \_ \_ \_ \_ \_ \_ \_ \_ \_ \_ \_ \_
    checkRd: (-1) qat_call_save_slide_distribution.Rd:5: Escaped LaTeX specials: \_ \_ \_ \_
    checkRd: (-1) qat_call_save_slide_distribution.Rd:30: Escaped LaTeX specials: \_ \_ \_ \_
    checkRd: (-1) qat_call_save_trimmed_distribution.Rd:5: Escaped LaTeX specials: \_ \_ \_ \_
    checkRd: (-1) qat_call_save_trimmed_distribution.Rd:30: Escaped LaTeX specials: \_ \_ \_ \_
    checkRd: (-1) qat_call_set_addup.Rd:30: Escaped LaTeX specials: \_ \_ \_ \_ \_
    checkRd: (-1) qat_call_set_mean.Rd:30: Escaped LaTeX specials: \_ \_ \_ \_ \_
    checkRd: (-1) qat_call_set_nans.Rd:30: Escaped LaTeX specials: \_ \_ \_ \_ \_ \_ \_ \_ \_ \_ \_ \_ \_ \_ \_
    checkRd: (-1) qat_call_slide_distribution.Rd:6: Escaped LaTeX specials: \_ \_ \_ \_ \_
    checkRd: (-1) qat_call_slide_distribution.Rd:30: Escaped LaTeX specials: \_ \_ \_ \_ \_
    checkRd: (-1) qat_call_trimmed_distribution.Rd:6: Escaped LaTeX specials: \_ \_ \_ \_ \_
    checkRd: (-1) qat_call_trimmed_distribution.Rd:30: Escaped LaTeX specials: \_ \_ \_ \_ \_
    checkRd: (-1) qat_config_read_workflow.Rd:16: Escaped LaTeX specials: \_ \_ \_
    checkRd: (-1) qat_config_write_workflow.Rd:15: Escaped LaTeX specials: \_ \_ \_
    checkRd: (-1) qat_config_write_workflow.Rd:23: Escaped LaTeX specials: \_ \_ \_
    checkRd: (-1) qat_config_write_workflow.Rd:27: Escaped LaTeX specials: \_
    checkRd: (-1) qat_data_nameofvars_ncdf.Rd:13: Escaped LaTeX specials: \_ \_ \_
    checkRd: (-1) qat_data_numofvars_ncdf.Rd:13: Escaped LaTeX specials: \_ \_ \_
    checkRd: (-1) qat_data_varcontent_ncdf.Rd:13: Escaped LaTeX specials: \_ \_ \_
    checkRd: (-1) qat_measure_histogram_difference.Rd:26: Escaped LaTeX specials: \_ \_
    checkRd: (-1) qat_plot_block_distribution_1d.Rd:14: Escaped LaTeX specials: \_ \_ \_ \_
    checkRd: (-1) qat_plot_block_distribution_1d.Rd:22: Escaped LaTeX specials: \_ \_ \_ \_
    checkRd: (-1) qat_plot_block_distribution_2d.Rd:14: Escaped LaTeX specials: \_ \_ \_ \_
    checkRd: (-1) qat_plot_block_distribution_2d.Rd:22: Escaped LaTeX specials: \_ \_ \_ \_
    checkRd: (-1) qat_plot_boot_distribution_1d.Rd:14: Escaped LaTeX specials: \_ \_ \_ \_
    checkRd: (-1) qat_plot_boot_distribution_1d.Rd:22: Escaped LaTeX specials: \_ \_ \_ \_
    checkRd: (-1) qat_plot_distribution_1d.Rd:23: Escaped LaTeX specials: \_ \_ \_
    checkRd: (-1) qat_plot_histogram_test.Rd:13: Escaped LaTeX specials: \_ \_ \_ \_ \_
    checkRd: (-1) qat_plot_histogram_test.Rd:25: Escaped LaTeX specials: \_ \_ \_ \_ \_
    checkRd: (-1) qat_plot_lim_rule_dynamic_1d.Rd:15: Escaped LaTeX specials: \_ \_ \_ \_ \_
    checkRd: (-1) qat_plot_lim_rule_dynamic_1d.Rd:27: Escaped LaTeX specials: \_ \_ \_ \_ \_
    checkRd: (-1) qat_plot_lim_rule_dynamic_2d.Rd:15: Escaped LaTeX specials: \_ \_ \_ \_ \_
    checkRd: (-1) qat_plot_lim_rule_dynamic_2d.Rd:27: Escaped LaTeX specials: \_ \_ \_ \_ \_
    checkRd: (-1) qat_plot_lim_rule_sigma_1d.Rd:15: Escaped LaTeX specials: \_ \_ \_ \_ \_
    checkRd: (-1) qat_plot_lim_rule_sigma_1d.Rd:26: Escaped LaTeX specials: \_ \_ \_ \_ \_
    checkRd: (-1) qat_plot_lim_rule_sigma_2d.Rd:15: Escaped LaTeX specials: \_ \_ \_ \_ \_
    checkRd: (-1) qat_plot_lim_rule_sigma_2d.Rd:26: Escaped LaTeX specials: \_ \_ \_ \_ \_
    checkRd: (-1) qat_plot_lim_rule_static_1d.Rd:15: Escaped LaTeX specials: \_ \_ \_ \_ \_
    checkRd: (-1) qat_plot_lim_rule_static_1d.Rd:25: Escaped LaTeX specials: \_ \_ \_ \_ \_
    checkRd: (-1) qat_plot_lim_rule_static_2d.Rd:15: Escaped LaTeX specials: \_ \_ \_ \_ \_
    checkRd: (-1) qat_plot_lim_rule_static_2d.Rd:25: Escaped LaTeX specials: \_ \_ \_ \_ \_
    checkRd: (-1) qat_plot_noc_rule_1d.Rd:15: Escaped LaTeX specials: \_ \_ \_ \_
    checkRd: (-1) qat_plot_noc_rule_1d.Rd:24: Escaped LaTeX specials: \_ \_ \_ \_
    checkRd: (-1) qat_plot_noc_rule_2d.Rd:15: Escaped LaTeX specials: \_ \_ \_ \_
    checkRd: (-1) qat_plot_noc_rule_2d.Rd:24: Escaped LaTeX specials: \_ \_ \_ \_
    checkRd: (-1) qat_plot_roc_rule_dynamic_1d.Rd:16: Escaped LaTeX specials: \_ \_ \_ \_ \_
    checkRd: (-1) qat_plot_roc_rule_dynamic_1d.Rd:28: Escaped LaTeX specials: \_ \_ \_ \_ \_
    checkRd: (-1) qat_plot_roc_rule_dynamic_2d.Rd:16: Escaped LaTeX specials: \_ \_ \_ \_ \_
    checkRd: (-1) qat_plot_roc_rule_dynamic_2d.Rd:28: Escaped LaTeX specials: \_ \_ \_ \_ \_
    checkRd: (-1) qat_plot_roc_rule_static_1d.Rd:15: Escaped LaTeX specials: \_ \_ \_ \_ \_
    checkRd: (-1) qat_plot_roc_rule_static_1d.Rd:25: Escaped LaTeX specials: \_ \_ \_ \_ \_
    checkRd: (-1) qat_plot_roc_rule_static_2d.Rd:15: Escaped LaTeX specials: \_ \_ \_ \_ \_
    checkRd: (-1) qat_plot_roc_rule_static_2d.Rd:25: Escaped LaTeX specials: \_ \_ \_ \_ \_
    checkRd: (-1) qat_plot_slide_distribution_1d.Rd:14: Escaped LaTeX specials: \_ \_ \_ \_
    checkRd: (-1) qat_plot_slide_distribution_1d.Rd:22: Escaped LaTeX specials: \_ \_ \_ \_
    checkRd: (-1) qat_plot_slide_distribution_2d.Rd:14: Escaped LaTeX specials: \_ \_ \_ \_
    checkRd: (-1) qat_plot_slide_distribution_2d.Rd:22: Escaped LaTeX specials: \_ \_ \_ \_
    checkRd: (-1) qat_plot_trimmed_distribution_1d.Rd:14: Escaped LaTeX specials: \_ \_ \_ \_
    checkRd: (-1) qat_plot_trimmed_distribution_1d.Rd:21: Escaped LaTeX specials: \_ \_ \_ \_
    checkRd: (-1) qat_plot_trimmed_distribution_2d.Rd:14: Escaped LaTeX specials: \_ \_ \_ \_
    checkRd: (-1) qat_plot_trimmed_distribution_2d.Rd:21: Escaped LaTeX specials: \_ \_ \_ \_
    checkRd: (-1) qat_run_workflow_check.Rd:16: Escaped LaTeX specials: \_
    checkRd: (-1) qat_run_workflow_check.Rd:17: Escaped LaTeX specials: \_
    checkRd: (-1) qat_run_workflow_check.Rd:18: Escaped LaTeX specials: \_
    checkRd: (-1) qat_run_workflow_check.Rd:19: Escaped LaTeX specials: \_
    checkRd: (-1) qat_run_workflow_plot.Rd:14: Escaped LaTeX specials: \_ \_ \_
    checkRd: (-1) qat_run_workflow_save.Rd:15: Escaped LaTeX specials: \_
    checkRd: (-1) qat_run_workflow_save.Rd:16: Escaped LaTeX specials: \_
    checkRd: (-1) qat_run_workflow_save.Rd:17: Escaped LaTeX specials: \_
    checkRd: (-1) qat_run_workflow_save.Rd:18: Escaped LaTeX specials: \_
    checkRd: (-1) qat_run_workflow_save.Rd:25: Escaped LaTeX specials: \_ \_ \_
    checkRd: (-1) qat_save_block_distribution_1d.Rd:5: Escaped LaTeX specials: \_ \_ \_ \_
    checkRd: (-1) qat_save_block_distribution_2d.Rd:5: Escaped LaTeX specials: \_ \_ \_ \_
    checkRd: (-1) qat_save_boot_distribution_1d.Rd:5: Escaped LaTeX specials: \_ \_ \_ \_
    checkRd: (-1) qat_save_boot_distribution_2d.Rd:5: Escaped LaTeX specials: \_ \_ \_ \_
    checkRd: (-1) qat_save_distribution_1d.Rd:5: Escaped LaTeX specials: \_ \_ \_
    checkRd: (-1) qat_save_histogram_test.Rd:6: Escaped LaTeX specials: \_ \_ \_ \_ \_
    checkRd: (-1) qat_save_lim_rule_dynamic_1d.Rd:5: Escaped LaTeX specials: \_ \_ \_ \_ \_
    checkRd: (-1) qat_save_lim_rule_dynamic_2d.Rd:5: Escaped LaTeX specials: \_ \_ \_ \_ \_
    checkRd: (-1) qat_save_lim_rule_sigma_1d.Rd:5: Escaped LaTeX specials: \_ \_ \_ \_ \_
    checkRd: (-1) qat_save_lim_rule_sigma_2d.Rd:5: Escaped LaTeX specials: \_ \_ \_ \_ \_
    checkRd: (-1) qat_save_lim_rule_static_1d.Rd:5: Escaped LaTeX specials: \_ \_ \_ \_ \_
    checkRd: (-1) qat_save_lim_rule_static_2d.Rd:5: Escaped LaTeX specials: \_ \_ \_ \_ \_
    checkRd: (-1) qat_save_noc_rule_1d.Rd:5: Escaped LaTeX specials: \_ \_ \_ \_
    checkRd: (-1) qat_save_noc_rule_2d.Rd:5: Escaped LaTeX specials: \_ \_ \_ \_
    checkRd: (-1) qat_save_result_ncdf.Rd:5: Escaped LaTeX specials: \_ \_ \_
    checkRd: (-1) qat_save_result_ncdf.Rd:43: Escaped LaTeX specials: \_ \_ \_ \_ \_ \_ \_ \_ \_
    checkRd: (-1) qat_save_roc_rule_dynamic_1d.Rd:5: Escaped LaTeX specials: \_ \_ \_ \_ \_
    checkRd: (-1) qat_save_roc_rule_dynamic_2d.Rd:5: Escaped LaTeX specials: \_ \_ \_ \_ \_
    checkRd: (-1) qat_save_roc_rule_static_1d.Rd:5: Escaped LaTeX specials: \_ \_ \_ \_ \_
    checkRd: (-1) qat_save_roc_rule_static_2d.Rd:5: Escaped LaTeX specials: \_ \_ \_ \_ \_
    checkRd: (-1) qat_save_set_addup_1d.Rd:8: Escaped LaTeX specials: \_ \_ \_ \_
    checkRd: (-1) qat_save_set_mean_1d.Rd:8: Escaped LaTeX specials: \_ \_ \_ \_
    checkRd: (-1) qat_save_set_nans_1d.Rd:8: Escaped LaTeX specials: \_ \_ \_ \_
    checkRd: (-1) qat_save_set_nans_above_1d.Rd:8: Escaped LaTeX specials: \_ \_ \_ \_ \_
    checkRd: (-1) qat_save_set_nans_below_1d.Rd:8: Escaped LaTeX specials: \_ \_ \_ \_ \_
    checkRd: (-1) qat_save_slide_distribution_1d.Rd:5: Escaped LaTeX specials: \_ \_ \_ \_
    checkRd: (-1) qat_save_slide_distribution_2d.Rd:5: Escaped LaTeX specials: \_ \_ \_ \_
    checkRd: (-1) qat_save_trimmed_distribution_1d.Rd:5: Escaped LaTeX specials: \_ \_ \_ \_
    checkRd: (-1) qat_save_trimmed_distribution_2d.Rd:5: Escaped LaTeX specials: \_ \_ \_ \_
Flavors: r-devel-linux-x86_64-debian-clang, r-devel-linux-x86_64-debian-gcc, r-devel-linux-x86_64-fedora-clang, r-devel-linux-x86_64-fedora-gcc, r-devel-windows-x86_64

Version: 0.74
Check: for non-standard things in the check directory
Result: NOTE
    Found the following files/directories:
     'exampleplot_1_blockdist_1.png' 'exampleplot_1_blockdist_2.png'
     'exampleplot_1_blockdist_3.png' 'exampleplot_1_bootdist.png'
     'exampleplot_1_dist.png' 'exampleplot_1_histogramtest_EMD.png'
     'exampleplot_1_roc_dynamic.png' 'exampleplot_1_slidedist_1.png'
     'exampleplot_1_slidedist_2.png' 'exampleplot_1_slidedist_3.png'
     'exampleplot_1_trimmeddist.png' 'exampleplot_blockdist_1.png'
     'exampleplot_blockdist_2.png' 'exampleplot_blockdist_3.png'
     'exampleplot_bootdist.png' 'exampleplot_dist.png'
     'exampleplot_lim_dyn.png' 'exampleplot_lim_sig.png'
     'exampleplot_lim_sta.png' 'exampleplot_noc.png'
     'exampleplot_roc_dyn.png' 'exampleplot_roc_sta.png'
     'exampleplot_slidedist_1.png' 'exampleplot_slidedist_2.png'
     'exampleplot_slidedist_3.png' 'exampleplot_trimmeddist.png'
     'myworkflow_result.xml' 'test_2_roc_dynamic.png' 'test_4_dist.png'
     'test_5_blockdist_1.png' 'test_5_blockdist_2.png'
     'test_5_blockdist_3.png' 'test_6_slidedist_1.png'
     'test_6_slidedist_2.png' 'test_6_slidedist_3.png'
     'test_7_trimmeddist.png' 'test_8_bootdist.png' 'test_emd_1d.png'
     'test_emd_2d.png' 'test_jsd_1d.png' 'test_jsd_2d.png'
     'test_kld_1d.png' 'test_kld_2d.png' 'test_ms_1d.png' 'test_ms_2d.png'
     'test_rms_1d.png' 'test_rms_2d.png'
Flavors: r-devel-linux-x86_64-debian-clang, r-devel-linux-x86_64-debian-gcc, r-devel-linux-x86_64-fedora-clang, r-devel-linux-x86_64-fedora-gcc, r-patched-linux-x86_64, r-release-linux-x86_64