Last updated on 2024-04-24 11:21:00 CEST.
Flavor | Version | Tinstall | Tcheck | Ttotal | Status | Flags |
---|---|---|---|---|---|---|
r-devel-linux-x86_64-debian-clang | 0.1.8 | 17.42 | 35.93 | 53.35 | NOTE | |
r-devel-linux-x86_64-debian-gcc | 0.1.8 | 15.76 | 26.95 | 42.71 | NOTE | |
r-devel-linux-x86_64-fedora-clang | 0.1.8 | 78.71 | NOTE | |||
r-devel-linux-x86_64-fedora-gcc | 0.1.8 | 72.79 | NOTE | |||
r-devel-windows-x86_64 | 0.1.8 | 18.00 | 61.00 | 79.00 | NOTE | |
r-patched-linux-x86_64 | 0.1.8 | 21.04 | 34.91 | 55.95 | NOTE | |
r-release-linux-x86_64 | 0.1.8 | 17.83 | 36.71 | 54.54 | NOTE | |
r-release-macos-arm64 | 0.1.8 | 30.00 | NOTE | |||
r-release-windows-x86_64 | 0.1.8 | 19.00 | 59.00 | 78.00 | NOTE | |
r-oldrel-macos-arm64 | 0.1.8 | 25.00 | NOTE | |||
r-oldrel-macos-x86_64 | 0.1.8 | 39.00 | NOTE | |||
r-oldrel-windows-x86_64 | 0.1.8 | 22.00 | 71.00 | 93.00 | NOTE |
Version: 0.1.8
Check: LazyData
Result: NOTE
'LazyData' is specified without a 'data' directory
Flavors: r-devel-linux-x86_64-debian-clang, r-devel-linux-x86_64-debian-gcc, r-devel-linux-x86_64-fedora-clang, r-devel-linux-x86_64-fedora-gcc, r-devel-windows-x86_64, r-patched-linux-x86_64, r-release-linux-x86_64, r-release-macos-arm64, r-release-windows-x86_64, r-oldrel-macos-arm64, r-oldrel-macos-x86_64, r-oldrel-windows-x86_64