CRAN Package Check Results for Package pzfx

Last updated on 2023-09-23 11:50:25 CEST.

Flavor Version Tinstall Tcheck Ttotal Status Flags
r-devel-linux-x86_64-debian-clang 0.3.0 2.27 29.38 31.65 NOTE
r-devel-linux-x86_64-debian-gcc 0.3.0 1.85 22.35 24.20 NOTE
r-devel-linux-x86_64-fedora-clang 0.3.0 39.77 NOTE
r-devel-linux-x86_64-fedora-gcc 0.3.0 49.05 NOTE
r-devel-windows-x86_64 0.3.0 4.00 46.00 50.00 NOTE
r-patched-linux-x86_64 0.3.0 2.60 27.62 30.22 NOTE
r-release-linux-x86_64 0.3.0 2.58 27.79 30.37 NOTE
r-release-macos-arm64 0.3.0 37.00 NOTE
r-release-macos-x86_64 0.3.0 33.00 NOTE
r-release-windows-x86_64 0.3.0 5.00 45.00 50.00 NOTE
r-oldrel-macos-arm64 0.3.0 25.00 NOTE
r-oldrel-macos-x86_64 0.3.0 23.00 NOTE
r-oldrel-windows-x86_64 0.3.0 5.00 48.00 53.00 NOTE

Check Details

Version: 0.3.0
Check: LazyData
Result: NOTE
     'LazyData' is specified without a 'data' directory
Flavors: r-devel-linux-x86_64-debian-clang, r-devel-linux-x86_64-debian-gcc, r-devel-linux-x86_64-fedora-clang, r-devel-linux-x86_64-fedora-gcc, r-devel-windows-x86_64, r-patched-linux-x86_64, r-release-linux-x86_64, r-release-macos-arm64, r-release-macos-x86_64, r-release-windows-x86_64, r-oldrel-macos-arm64, r-oldrel-macos-x86_64, r-oldrel-windows-x86_64