CRAN Package Check Results for Package pysd2r

Last updated on 2022-06-29 11:52:18 CEST.

Flavor Version Tinstall Tcheck Ttotal Status Flags
r-devel-linux-x86_64-debian-clang 0.1.0 5.08 28.96 34.04 NOTE
r-devel-linux-x86_64-debian-gcc 0.1.0 3.72 22.75 26.47 NOTE
r-devel-linux-x86_64-fedora-clang 0.1.0 52.30 NOTE
r-devel-linux-x86_64-fedora-gcc 0.1.0 52.54 NOTE
r-devel-windows-x86_64 0.1.0 25.00 58.00 83.00 NOTE
r-patched-linux-x86_64 0.1.0 3.86 28.37 32.23 NOTE
r-release-linux-x86_64 0.1.0 4.43 28.56 32.99 NOTE
r-release-macos-arm64 0.1.0 17.00 NOTE
r-release-macos-x86_64 0.1.0 26.00 NOTE
r-release-windows-x86_64 0.1.0 18.00 56.00 74.00 NOTE
r-oldrel-macos-arm64 0.1.0 22.00 NOTE
r-oldrel-macos-x86_64 0.1.0 33.00 NOTE
r-oldrel-windows-ix86+x86_64 0.1.0 9.00 47.00 56.00 NOTE

Check Details

Version: 0.1.0
Check: LazyData
Result: NOTE
     'LazyData' is specified without a 'data' directory
Flavors: r-devel-linux-x86_64-debian-clang, r-devel-linux-x86_64-debian-gcc, r-devel-linux-x86_64-fedora-clang, r-devel-linux-x86_64-fedora-gcc, r-devel-windows-x86_64, r-patched-linux-x86_64, r-release-linux-x86_64, r-release-macos-arm64, r-release-macos-x86_64, r-release-windows-x86_64, r-oldrel-macos-arm64, r-oldrel-macos-x86_64, r-oldrel-windows-ix86+x86_64

Version: 0.1.0
Check: dependencies in R code
Result: NOTE
    Namespace in Imports field not imported from: ‘knitr’
     All declared Imports should be used.
Flavors: r-devel-linux-x86_64-fedora-clang, r-devel-linux-x86_64-fedora-gcc, r-release-macos-arm64, r-release-macos-x86_64, r-oldrel-macos-arm64, r-oldrel-macos-x86_64