CRAN Package Check Results for Package pureseqtmr

Last updated on 2022-07-04 12:54:18 CEST.

Flavor Version Tinstall Tcheck Ttotal Status Flags
r-devel-linux-x86_64-debian-clang 1.2 2.41 38.10 40.51 NOTE
r-devel-linux-x86_64-debian-gcc 1.2 2.04 30.03 32.07 NOTE
r-devel-linux-x86_64-fedora-clang 1.2 61.75 NOTE
r-devel-linux-x86_64-fedora-gcc 1.2 59.50 NOTE
r-devel-windows-x86_64 1.2 43.00 88.00 131.00 NOTE
r-patched-linux-x86_64 1.2 2.93 38.29 41.22 NOTE
r-release-linux-x86_64 1.2 2.55 37.71 40.26 NOTE
r-release-macos-arm64 1.2 23.00 NOTE
r-release-macos-x86_64 1.2 43.00 NOTE
r-release-windows-x86_64 1.2 7.00 89.00 96.00 NOTE
r-oldrel-macos-arm64 1.2 27.00 NOTE
r-oldrel-macos-x86_64 1.2 29.00 NOTE
r-oldrel-windows-ix86+x86_64 1.2 7.00 51.00 58.00 NOTE

Check Details

Version: 1.2
Check: LazyData
Result: NOTE
     'LazyData' is specified without a 'data' directory
Flavors: r-devel-linux-x86_64-debian-clang, r-devel-linux-x86_64-debian-gcc, r-devel-linux-x86_64-fedora-clang, r-devel-linux-x86_64-fedora-gcc, r-devel-windows-x86_64, r-patched-linux-x86_64, r-release-linux-x86_64, r-release-macos-arm64, r-release-macos-x86_64, r-release-windows-x86_64, r-oldrel-macos-arm64, r-oldrel-macos-x86_64, r-oldrel-windows-ix86+x86_64