Last updated on 2024-05-01 12:14:34 CEST.
Flavor | Version | Tinstall | Tcheck | Ttotal | Status | Flags |
---|---|---|---|---|---|---|
r-devel-linux-x86_64-debian-clang | 0.1.0 | 53.77 | 532.88 | 586.65 | OK | |
r-devel-linux-x86_64-debian-gcc | 0.1.0 | 43.90 | 388.28 | 432.18 | OK | |
r-devel-linux-x86_64-fedora-clang | 0.1.0 | 741.70 | OK | |||
r-devel-linux-x86_64-fedora-gcc | 0.1.0 | 739.57 | OK | |||
r-devel-windows-x86_64 | 0.1.0 | 47.00 | 387.00 | 434.00 | OK | |
r-patched-linux-x86_64 | 0.1.0 | 54.38 | 504.10 | 558.48 | OK | |
r-release-linux-x86_64 | 0.1.0 | 34.61 | 491.94 | 526.55 | OK | |
r-release-macos-arm64 | 0.1.0 | 192.00 | ERROR | |||
r-release-macos-x86_64 | 0.1.0 | 550.00 | ERROR | |||
r-release-windows-x86_64 | 0.1.0 | 48.00 | 388.00 | 436.00 | OK | |
r-oldrel-macos-arm64 | 0.1.0 | 195.00 | OK | |||
r-oldrel-macos-x86_64 | 0.1.0 | 353.00 | OK | |||
r-oldrel-windows-x86_64 | 0.1.0 | 65.00 | 484.00 | 549.00 | OK |
Version: 0.1.0
Check: package dependencies
Result: NOTE
Package suggested but not available for checking: ‘TxDb.Hsapiens.UCSC.hg19.knownGene’
Flavors: r-release-macos-arm64, r-release-macos-x86_64
Version: 0.1.0
Check: examples
Result: ERROR
Running examples in ‘pulseTD-Ex.R’ failed
The error most likely occurred in:
> ### Name: estimateExpression
> ### Title: Estimated Expression
> ### Aliases: estimateExpression
>
> ### ** Examples
>
> library(TxDb.Hsapiens.UCSC.hg19.knownGene)
Error in library(TxDb.Hsapiens.UCSC.hg19.knownGene) :
there is no package called ‘TxDb.Hsapiens.UCSC.hg19.knownGene’
Execution halted
Flavors: r-release-macos-arm64, r-release-macos-x86_64
Version: 0.1.0
Check: re-building of vignette outputs
Result: ERROR
Error(s) in re-building vignettes:
...
--- re-building ‘tutorial.Rmd’ using rmarkdown
Quitting from lines 63-65 [import packages] (tutorial.Rmd)
Error: processing vignette 'tutorial.Rmd' failed with diagnostics:
there is no package called 'TxDb.Hsapiens.UCSC.hg19.knownGene'
--- failed re-building ‘tutorial.Rmd’
SUMMARY: processing the following file failed:
‘tutorial.Rmd’
Error: Vignette re-building failed.
Execution halted
Flavor: r-release-macos-arm64
Version: 0.1.0
Check: re-building of vignette outputs
Result: ERROR
Error(s) in re-building vignettes:
...
--- re-building ‘tutorial.Rmd’ using rmarkdown
Quitting from lines at lines 63-65 [import packages] (tutorial.Rmd)
Error: processing vignette 'tutorial.Rmd' failed with diagnostics:
there is no package called 'TxDb.Hsapiens.UCSC.hg19.knownGene'
--- failed re-building ‘tutorial.Rmd’
SUMMARY: processing the following file failed:
‘tutorial.Rmd’
Error: Vignette re-building failed.
Execution halted
Flavor: r-release-macos-x86_64