Last updated on 2024-03-29 09:55:33 CET.
Flavor | Version | Tinstall | Tcheck | Ttotal | Status | Flags |
---|---|---|---|---|---|---|
r-devel-linux-x86_64-debian-clang | 0.1.2 | 437.06 | 164.48 | 601.54 | NOTE | |
r-devel-linux-x86_64-debian-gcc | 0.1.2 | 396.16 | 148.19 | 544.35 | NOTE | |
r-devel-linux-x86_64-fedora-clang | 0.1.2 | 726.60 | NOTE | |||
r-devel-linux-x86_64-fedora-gcc | 0.1.2 | 974.11 | NOTE | |||
r-devel-windows-x86_64 | 0.1.2 | 334.00 | 160.00 | 494.00 | NOTE | |
r-patched-linux-x86_64 | 0.1.2 | 336.81 | 195.34 | 532.15 | NOTE | |
r-release-linux-x86_64 | 0.1.2 | 335.89 | 188.33 | 524.22 | OK | |
r-release-macos-arm64 | 0.1.2 | 173.00 | NOTE | |||
r-release-macos-x86_64 | 0.1.2 | 277.00 | NOTE | |||
r-release-windows-x86_64 | 0.1.2 | 418.00 | 211.00 | 629.00 | OK | |
r-oldrel-macos-arm64 | 0.1.2 | 166.00 | NOTE | |||
r-oldrel-windows-x86_64 | 0.1.2 | 404.00 | 207.00 | 611.00 | OK |
Version: 0.1.2
Check: Rd files
Result: NOTE
checkRd: (-1) ma.Rd:62: Lost braces
62 | \item{yi}{Numeric vector of length code{k} with observed effect size
| ^
checkRd: (-1) ma.Rd:65: Lost braces
65 | \item{vi}{Numeric vector of length code{k} with sampling variances.}
| ^
Flavors: r-devel-linux-x86_64-debian-clang, r-devel-linux-x86_64-debian-gcc, r-devel-linux-x86_64-fedora-clang, r-devel-linux-x86_64-fedora-gcc, r-devel-windows-x86_64, r-patched-linux-x86_64
Version: 0.1.2
Check: data for non-ASCII characters
Result: NOTE
Note: found 35 marked UTF-8 strings
Flavors: r-devel-linux-x86_64-fedora-clang, r-devel-linux-x86_64-fedora-gcc
Version: 0.1.2
Check: for GNU extensions in Makefiles
Result: NOTE
GNU make is a SystemRequirements.
Flavors: r-devel-linux-x86_64-fedora-clang, r-devel-linux-x86_64-fedora-gcc, r-release-macos-arm64, r-release-macos-x86_64, r-oldrel-macos-arm64
Version: 0.1.2
Check: installed package size
Result: NOTE
installed size is 51.3Mb
sub-directories of 1Mb or more:
libs 50.8Mb
Flavors: r-release-macos-arm64, r-release-macos-x86_64, r-oldrel-macos-arm64