CRAN Package Check Results for Package pubchunks

Last updated on 2022-07-06 12:53:43 CEST.

Flavor Version Tinstall Tcheck Ttotal Status Flags
r-devel-linux-x86_64-debian-clang 0.3.0 8.83 70.74 79.57 NOTE
r-devel-linux-x86_64-debian-gcc 0.3.0 7.20 51.36 58.56 NOTE
r-devel-linux-x86_64-fedora-clang 0.3.0 105.70 NOTE
r-devel-linux-x86_64-fedora-gcc 0.3.0 101.09 NOTE
r-devel-windows-x86_64 0.3.0 29.00 93.00 122.00 OK
r-patched-linux-x86_64 0.3.0 5.95 65.81 71.76 NOTE
r-release-linux-x86_64 0.3.0 8.39 66.10 74.49 NOTE
r-release-macos-arm64 0.3.0 29.00 OK
r-release-macos-x86_64 0.3.0 49.00 NOTE
r-release-windows-x86_64 0.3.0 42.00 91.00 133.00 OK
r-oldrel-macos-arm64 0.3.0 30.00 OK
r-oldrel-macos-x86_64 0.3.0 40.00 OK
r-oldrel-windows-ix86+x86_64 0.3.0 21.00 87.00 108.00 OK

Check Details

Version: 0.3.0
Check: package dependencies
Result: NOTE
    Package suggested but not available for checking: 'fulltext'
Flavors: r-devel-linux-x86_64-debian-clang, r-devel-linux-x86_64-debian-gcc, r-devel-linux-x86_64-fedora-clang, r-devel-linux-x86_64-fedora-gcc, r-patched-linux-x86_64, r-release-linux-x86_64, r-release-macos-x86_64