CRAN Package Check Results for Package ptest

Last updated on 2022-06-28 12:52:33 CEST.

Flavor Version Tinstall Tcheck Ttotal Status Flags
r-devel-linux-x86_64-debian-clang 1.0-8 12.76 103.33 116.09 OK
r-devel-linux-x86_64-debian-gcc 1.0-8 9.17 77.81 86.98 OK
r-devel-linux-x86_64-fedora-clang 1.0-8 148.48 NOTE
r-devel-linux-x86_64-fedora-gcc 1.0-8 152.63 NOTE
r-devel-windows-x86_64 1.0-8 31.00 131.00 162.00 OK
r-patched-linux-x86_64 1.0-8 12.91 101.64 114.55 OK
r-release-linux-x86_64 1.0-8 11.35 99.87 111.22 OK
r-release-macos-arm64 1.0-8 54.00 OK
r-release-macos-x86_64 1.0-8 59.00 OK
r-release-windows-x86_64 1.0-8 40.00 128.00 168.00 OK
r-oldrel-macos-arm64 1.0-8 56.00 OK
r-oldrel-macos-x86_64 1.0-8 83.00 OK
r-oldrel-windows-ix86+x86_64 1.0-8 26.00 158.00 184.00 OK

Check Details

Version: 1.0-8
Check: compiled code
Result: NOTE
    File ‘ptest/libs/ptest.so’:
     Found no calls to: ‘R_registerRoutines’, ‘R_useDynamicSymbols’
    
    It is good practice to register native routines and to disable symbol
    search.
    
    See ‘Writing portable packages’ in the ‘Writing R Extensions’ manual.
Flavors: r-devel-linux-x86_64-fedora-clang, r-devel-linux-x86_64-fedora-gcc