CRAN Package Check Results for Package psymetadata

Last updated on 2023-02-07 11:52:17 CET.

Flavor Version Tinstall Tcheck Ttotal Status Flags
r-devel-linux-x86_64-debian-clang 1.0.1 2.89 25.10 27.99 OK
r-devel-linux-x86_64-debian-gcc 1.0.1 2.03 19.77 21.80 OK
r-devel-linux-x86_64-fedora-clang 1.0.1 35.11 NOTE
r-devel-linux-x86_64-fedora-gcc 1.0.1 34.25 NOTE
r-devel-windows-x86_64 1.0.1 27.00 56.00 83.00 OK
r-patched-linux-x86_64 1.0.1 2.47 24.15 26.62 OK
r-release-linux-x86_64 1.0.1 2.57 24.45 27.02 OK
r-release-macos-arm64 1.0.1 16.00 NOTE
r-release-macos-x86_64 1.0.1 23.00 NOTE
r-release-windows-x86_64 1.0.1 28.00 59.00 87.00 OK
r-oldrel-macos-arm64 1.0.1 16.00 NOTE
r-oldrel-macos-x86_64 1.0.1 21.00 NOTE
r-oldrel-windows-ix86+x86_64 1.0.1 6.00 53.00 59.00 OK

Check Details

Version: 1.0.1
Check: dependencies in R code
Result: NOTE
    Namespace in Imports field not imported from: ‘Rdpack’
     All declared Imports should be used.
Flavors: r-devel-linux-x86_64-fedora-clang, r-devel-linux-x86_64-fedora-gcc, r-release-macos-arm64, r-release-macos-x86_64, r-oldrel-macos-arm64, r-oldrel-macos-x86_64

Version: 1.0.1
Check: data for non-ASCII characters
Result: NOTE
     Note: found 107 marked UTF-8 strings
Flavors: r-devel-linux-x86_64-fedora-clang, r-devel-linux-x86_64-fedora-gcc, r-release-macos-arm64, r-release-macos-x86_64, r-oldrel-macos-arm64, r-oldrel-macos-x86_64