Last updated on 2025-07-15 12:49:29 CEST.
Flavor | Version | Tinstall | Tcheck | Ttotal | Status | Flags |
---|---|---|---|---|---|---|
r-devel-linux-x86_64-debian-clang | 2.4 | 5.70 | 51.56 | 57.26 | NOTE | |
r-devel-linux-x86_64-debian-gcc | 2.4 | 4.24 | 37.71 | 41.95 | NOTE | |
r-devel-linux-x86_64-fedora-clang | 2.4 | 89.02 | OK | |||
r-devel-linux-x86_64-fedora-gcc | 2.4 | 83.85 | OK | |||
r-devel-windows-x86_64 | 2.4 | 8.00 | 83.00 | 91.00 | OK | |
r-patched-linux-x86_64 | 2.4 | 6.91 | 47.37 | 54.28 | OK | |
r-release-linux-x86_64 | 2.4 | 5.19 | 47.36 | 52.55 | OK | |
r-release-macos-arm64 | 2.4 | 30.00 | OK | |||
r-release-macos-x86_64 | 2.4 | 52.00 | OK | |||
r-release-windows-x86_64 | 2.4 | 9.00 | 89.00 | 98.00 | OK | |
r-oldrel-macos-arm64 | 2.4 | 30.00 | OK | |||
r-oldrel-macos-x86_64 | 2.4 | 56.00 | OK | |||
r-oldrel-windows-x86_64 | 2.4 | 9.00 | 91.00 | 100.00 | OK |
Version: 2.4
Check: CRAN incoming feasibility
Result: NOTE
Maintainer: ‘Thomas D. Fletcher <t.d.fletcher05@gmail.com>’
No Authors@R field in DESCRIPTION.
Please add one, modifying
Authors@R: person(given = c("Thomas", "D."),
family = "Fletcher",
role = c("aut", "cre"),
email = "t.d.fletcher05@gmail.com")
as necessary.
Flavors: r-devel-linux-x86_64-debian-clang, r-devel-linux-x86_64-debian-gcc