Last updated on 2024-08-16 12:49:16 CEST.
Flavor | Version | Tinstall | Tcheck | Ttotal | Status | Flags |
---|---|---|---|---|---|---|
r-devel-linux-x86_64-debian-clang | 2.4.6.26 | 52.46 | 313.47 | 365.93 | OK | |
r-devel-linux-x86_64-debian-gcc | 2.4.6.26 | 33.49 | 188.82 | 222.31 | OK | |
r-devel-linux-x86_64-fedora-clang | 2.4.6.26 | 601.07 | OK | |||
r-devel-linux-x86_64-fedora-gcc | 2.4.6.26 | 577.81 | OK | |||
r-devel-windows-x86_64 | 2.4.6.26 | 52.00 | 349.00 | 401.00 | OK | |
r-patched-linux-x86_64 | 2.4.6.26 | 57.58 | 295.33 | 352.91 | OK | |
r-release-linux-x86_64 | 2.4.6.26 | 50.49 | 294.06 | 344.55 | OK | |
r-release-macos-arm64 | 2.4.6.26 | 151.00 | OK | |||
r-release-macos-x86_64 | 2.4.6.26 | 429.00 | OK | |||
r-release-windows-x86_64 | 2.4.6.26 | 53.00 | 343.00 | 396.00 | OK | |
r-oldrel-macos-arm64 | 2.4.6.26 | 176.00 | NOTE | |||
r-oldrel-macos-x86_64 | 2.4.6.26 | 343.00 | NOTE | |||
r-oldrel-windows-x86_64 | 2.4.6.26 | 67.00 | 414.00 | 481.00 | NOTE |
Version: 2.4.6.26
Check: R code for possible problems
Result: NOTE
iclust: no visible binding for global variable ‘use’
Undefined global functions or variables:
use
Flavors: r-oldrel-macos-arm64, r-oldrel-macos-x86_64, r-oldrel-windows-x86_64