Last updated on 2024-04-18 12:52:55 CEST.
Flavor | Version | Tinstall | Tcheck | Ttotal | Status | Flags |
---|---|---|---|---|---|---|
r-devel-linux-x86_64-debian-clang | 0.1.3.900 | 3.10 | 29.88 | 32.98 | NOTE | |
r-devel-linux-x86_64-debian-gcc | 0.1.3.900 | 2.18 | 22.16 | 24.34 | NOTE | |
r-devel-linux-x86_64-fedora-clang | 0.1.3.900 | 40.97 | NOTE | |||
r-devel-linux-x86_64-fedora-gcc | 0.1.3.900 | 39.42 | NOTE | |||
r-prerel-macos-arm64 | 0.1.3.900 | 19.00 | NOTE | |||
r-prerel-windows-x86_64 | 0.1.3.900 | 3.00 | 43.00 | 46.00 | NOTE | |
r-patched-linux-x86_64 | 0.1.3.900 | 2.72 | 28.53 | 31.25 | NOTE | |
r-release-linux-x86_64 | 0.1.3.900 | 3.02 | 26.22 | 29.24 | NOTE | |
r-release-macos-arm64 | 0.1.3.900 | 18.00 | NOTE | |||
r-release-macos-x86_64 | 0.1.3.900 | 23.00 | NOTE | |||
r-release-windows-x86_64 | 0.1.3.900 | 4.00 | 40.00 | 44.00 | NOTE | |
r-oldrel-macos-arm64 | 0.1.3.900 | 17.00 | NOTE | |||
r-oldrel-windows-x86_64 | 0.1.3.900 | 4.00 | 46.00 | 50.00 | NOTE |
Version: 0.1.3.900
Check: LazyData
Result: NOTE
'LazyData' is specified without a 'data' directory
Flavors: r-devel-linux-x86_64-debian-clang, r-devel-linux-x86_64-debian-gcc, r-devel-linux-x86_64-fedora-clang, r-devel-linux-x86_64-fedora-gcc, r-prerel-macos-arm64, r-prerel-windows-x86_64, r-patched-linux-x86_64, r-release-linux-x86_64, r-release-macos-arm64, r-release-macos-x86_64, r-release-windows-x86_64, r-oldrel-macos-arm64, r-oldrel-windows-x86_64