Last updated on 2023-02-02 11:54:12 CET.
Flavor | Version | Tinstall | Tcheck | Ttotal | Status | Flags |
---|---|---|---|---|---|---|
r-devel-linux-x86_64-debian-clang | 1.0.2 | 9.20 | 90.80 | 100.00 | NOTE | |
r-devel-linux-x86_64-debian-gcc | 1.0.2 | 8.87 | 70.14 | 79.01 | NOTE | |
r-devel-linux-x86_64-fedora-clang | 1.0.2 | 128.45 | NOTE | |||
r-devel-linux-x86_64-fedora-gcc | 1.0.2 | 125.64 | NOTE | |||
r-devel-windows-x86_64 | 1.0.2 | 18.00 | 117.00 | 135.00 | NOTE | |
r-patched-linux-x86_64 | 1.0.2 | 8.27 | 87.73 | 96.00 | NOTE | |
r-release-linux-x86_64 | 1.0.2 | 8.88 | 87.76 | 96.64 | NOTE | |
r-release-macos-arm64 | 1.0.2 | 33.00 | NOTE | |||
r-release-macos-x86_64 | 1.0.2 | 65.00 | NOTE | |||
r-release-windows-x86_64 | 1.0.2 | 19.00 | 119.00 | 138.00 | NOTE | |
r-oldrel-macos-arm64 | 1.0.2 | 39.00 | NOTE | |||
r-oldrel-macos-x86_64 | 1.0.2 | 66.00 | NOTE | |||
r-oldrel-windows-ix86+x86_64 | 1.0.2 | 22.00 | 120.00 | 142.00 | NOTE |
Version: 1.0.2
Check: LazyData
Result: NOTE
'LazyData' is specified without a 'data' directory
Flavors: r-devel-linux-x86_64-debian-clang, r-devel-linux-x86_64-debian-gcc, r-devel-linux-x86_64-fedora-clang, r-devel-linux-x86_64-fedora-gcc, r-devel-windows-x86_64, r-patched-linux-x86_64, r-release-linux-x86_64, r-release-macos-arm64, r-release-macos-x86_64, r-release-windows-x86_64, r-oldrel-macos-arm64, r-oldrel-macos-x86_64, r-oldrel-windows-ix86+x86_64