Last updated on 2024-04-23 10:54:13 CEST.
Flavor | Version | Tinstall | Tcheck | Ttotal | Status | Flags |
---|---|---|---|---|---|---|
r-devel-linux-x86_64-debian-clang | 1.0.2 | 9.80 | 91.51 | 101.31 | NOTE | |
r-devel-linux-x86_64-debian-gcc | 1.0.2 | 6.53 | 67.92 | 74.45 | NOTE | |
r-devel-linux-x86_64-fedora-clang | 1.0.2 | 124.94 | NOTE | |||
r-devel-linux-x86_64-fedora-gcc | 1.0.2 | 123.02 | NOTE | |||
r-prerel-macos-arm64 | 1.0.2 | 38.00 | NOTE | |||
r-prerel-windows-x86_64 | 1.0.2 | 9.00 | 79.00 | 88.00 | NOTE | |
r-patched-linux-x86_64 | 1.0.2 | 10.74 | 89.91 | 100.65 | NOTE | |
r-release-linux-x86_64 | 1.0.2 | 8.79 | 87.27 | 96.06 | NOTE | |
r-release-macos-arm64 | 1.0.2 | 41.00 | NOTE | |||
r-release-macos-x86_64 | 1.0.2 | 66.00 | NOTE | |||
r-release-windows-x86_64 | 1.0.2 | 13.00 | 96.00 | 109.00 | NOTE | |
r-oldrel-macos-arm64 | 1.0.2 | 33.00 | NOTE | |||
r-oldrel-windows-x86_64 | 1.0.2 | 12.00 | 98.00 | 110.00 | NOTE |
Version: 1.0.2
Check: LazyData
Result: NOTE
'LazyData' is specified without a 'data' directory
Flavors: r-devel-linux-x86_64-debian-clang, r-devel-linux-x86_64-debian-gcc, r-devel-linux-x86_64-fedora-clang, r-devel-linux-x86_64-fedora-gcc, r-prerel-macos-arm64, r-prerel-windows-x86_64, r-patched-linux-x86_64, r-release-linux-x86_64, r-release-macos-arm64, r-release-macos-x86_64, r-release-windows-x86_64, r-oldrel-macos-arm64, r-oldrel-windows-x86_64