CRAN Package Check Results for Package psgp

Last updated on 2024-02-25 10:54:33 CET.

Flavor Version Tinstall Tcheck Ttotal Status Flags
r-devel-linux-x86_64-debian-clang 0.3-21 308.81 110.34 419.15 OK
r-devel-linux-x86_64-debian-gcc 0.3-21 226.10 81.50 307.60 OK
r-devel-linux-x86_64-fedora-clang 0.3-21 614.58 OK
r-devel-linux-x86_64-fedora-gcc 0.3-21 592.99 OK
r-devel-windows-x86_64 0.3-21 226.00 115.00 341.00 OK
r-patched-linux-x86_64 0.3-21 302.90 104.44 407.34 OK
r-release-linux-x86_64 0.3-21 280.48 104.31 384.79 OK
r-release-macos-arm64 0.3-21 116.00 NOTE
r-release-macos-x86_64 0.3-21 160.00 NOTE
r-release-windows-x86_64 0.3-21 283.00 137.00 420.00 OK
r-oldrel-macos-arm64 0.3-21 105.00 NOTE
r-oldrel-windows-x86_64 0.3-21 269.00 140.00 409.00 OK

Check Details

Version: 0.3-21
Check: installed package size
Result: NOTE installed size is 7.4Mb sub-directories of 1Mb or more: libs 7.3Mb Flavors: r-release-macos-arm64, r-release-macos-x86_64, r-oldrel-macos-arm64