Last updated on 2024-03-28 09:51:53 CET.
Flavor | Version | Tinstall | Tcheck | Ttotal | Status | Flags |
---|---|---|---|---|---|---|
r-devel-linux-x86_64-debian-clang | 1.0.1 | 30.32 | 103.63 | 133.95 | NOTE | |
r-devel-linux-x86_64-debian-gcc | 1.0.1 | 22.35 | 77.01 | 99.36 | NOTE | |
r-devel-linux-x86_64-fedora-clang | 1.0.1 | 173.48 | NOTE | |||
r-devel-linux-x86_64-fedora-gcc | 1.0.1 | 163.57 | NOTE | |||
r-devel-windows-x86_64 | 1.0.1 | 24.00 | 113.00 | 137.00 | NOTE | |
r-patched-linux-x86_64 | 1.0.1 | 26.00 | 97.69 | 123.69 | NOTE | |
r-release-linux-x86_64 | 1.0.1 | 26.97 | 101.34 | 128.31 | NOTE | |
r-release-macos-arm64 | 1.0.1 | 58.00 | NOTE | |||
r-release-macos-x86_64 | 1.0.1 | 85.00 | NOTE | |||
r-release-windows-x86_64 | 1.0.1 | 30.00 | 138.00 | 168.00 | NOTE | |
r-oldrel-macos-arm64 | 1.0.1 | 46.00 | OK | |||
r-oldrel-windows-x86_64 | 1.0.1 | 31.00 | 127.00 | 158.00 | OK |
Version: 1.0.1
Check: C++ specification
Result: NOTE
Specified C++11: please drop specification unless essential
Flavors: r-devel-linux-x86_64-debian-clang, r-devel-linux-x86_64-debian-gcc, r-devel-linux-x86_64-fedora-clang, r-devel-linux-x86_64-fedora-gcc, r-devel-windows-x86_64, r-patched-linux-x86_64, r-release-linux-x86_64, r-release-macos-arm64, r-release-macos-x86_64, r-release-windows-x86_64
Version: 1.0.1
Check: Rd \usage sections
Result: NOTE
Documented arguments not in \usage in Rd file 'kepner_robinson_test_internal.Rd':
‘group’ ‘alternative’ ‘trend’
Functions with \usage entries need to have the appropriate \alias
entries, and all their arguments documented.
The \usage entries must correspond to syntactically valid R code.
See chapter ‘Writing R documentation files’ in the ‘Writing R
Extensions’ manual.
Flavors: r-devel-linux-x86_64-debian-clang, r-devel-linux-x86_64-debian-gcc, r-devel-linux-x86_64-fedora-clang, r-devel-linux-x86_64-fedora-gcc, r-devel-windows-x86_64, r-patched-linux-x86_64