CRAN Package Check Results for Package provParseR

Last updated on 2022-07-05 11:50:00 CEST.

Flavor Version Tinstall Tcheck Ttotal Status Flags
r-devel-linux-x86_64-debian-clang 0.3 3.51 29.25 32.76 NOTE
r-devel-linux-x86_64-debian-gcc 0.3 2.63 22.55 25.18 NOTE
r-devel-linux-x86_64-fedora-clang 0.3 49.89 NOTE
r-devel-linux-x86_64-fedora-gcc 0.3 48.79 NOTE
r-devel-windows-x86_64 0.3 48.00 57.00 105.00 NOTE
r-patched-linux-x86_64 0.3 2.80 28.42 31.22 NOTE
r-release-linux-x86_64 0.3 2.66 28.45 31.11 NOTE
r-release-macos-arm64 0.3 15.00 NOTE
r-release-macos-x86_64 0.3 25.00 NOTE
r-release-windows-x86_64 0.3 49.00 54.00 103.00 NOTE
r-oldrel-macos-arm64 0.3 19.00 NOTE
r-oldrel-macos-x86_64 0.3 33.00 NOTE
r-oldrel-windows-ix86+x86_64 0.3 7.00 47.00 54.00 NOTE

Check Details

Version: 0.3
Check: LazyData
Result: NOTE
     'LazyData' is specified without a 'data' directory
Flavors: r-devel-linux-x86_64-debian-clang, r-devel-linux-x86_64-debian-gcc, r-devel-linux-x86_64-fedora-clang, r-devel-linux-x86_64-fedora-gcc, r-devel-windows-x86_64, r-patched-linux-x86_64, r-release-linux-x86_64, r-release-macos-arm64, r-release-macos-x86_64, r-release-windows-x86_64, r-oldrel-macos-arm64, r-oldrel-macos-x86_64, r-oldrel-windows-ix86+x86_64