CRAN Package Check Results for Package provGraphR

Last updated on 2022-06-24 11:52:15 CEST.

Flavor Version Tinstall Tcheck Ttotal Status Flags
r-devel-linux-x86_64-debian-clang 1.0 8.00 68.73 76.73 NOTE
r-devel-linux-x86_64-debian-gcc 1.0 7.28 53.25 60.53 NOTE
r-devel-linux-x86_64-fedora-clang 1.0 103.38 NOTE
r-devel-linux-x86_64-fedora-gcc 1.0 102.45 NOTE
r-devel-windows-x86_64 1.0 32.00 90.00 122.00 NOTE
r-patched-linux-x86_64 1.0 7.71 66.16 73.87 NOTE
r-release-linux-x86_64 1.0 9.08 66.33 75.41 NOTE
r-release-macos-arm64 1.0 31.00 NOTE
r-release-macos-x86_64 1.0 45.00 NOTE
r-release-windows-x86_64 1.0 36.00 91.00 127.00 NOTE
r-oldrel-macos-arm64 1.0 38.00 NOTE
r-oldrel-macos-x86_64 1.0 58.00 NOTE
r-oldrel-windows-ix86+x86_64 1.0 17.00 87.00 104.00 NOTE

Check Details

Version: 1.0
Check: LazyData
Result: NOTE
     'LazyData' is specified without a 'data' directory
Flavors: r-devel-linux-x86_64-debian-clang, r-devel-linux-x86_64-debian-gcc, r-devel-linux-x86_64-fedora-clang, r-devel-linux-x86_64-fedora-gcc, r-devel-windows-x86_64, r-patched-linux-x86_64, r-release-linux-x86_64, r-release-macos-arm64, r-release-macos-x86_64, r-release-windows-x86_64, r-oldrel-macos-arm64, r-oldrel-macos-x86_64, r-oldrel-windows-ix86+x86_64