Last updated on 2022-06-29 11:52:18 CEST.
Flavor | Version | Tinstall | Tcheck | Ttotal | Status | Flags |
---|---|---|---|---|---|---|
r-devel-linux-x86_64-debian-clang | 0.4.0 | 8.71 | 69.52 | 78.23 | OK | |
r-devel-linux-x86_64-debian-gcc | 0.4.0 | 6.87 | 52.15 | 59.02 | OK | |
r-devel-linux-x86_64-fedora-clang | 0.4.0 | 103.86 | NOTE | |||
r-devel-linux-x86_64-fedora-gcc | 0.4.0 | 102.60 | NOTE | |||
r-devel-windows-x86_64 | 0.4.0 | 34.00 | 98.00 | 132.00 | OK | |
r-patched-linux-x86_64 | 0.4.0 | 9.56 | 64.89 | 74.45 | OK | |
r-release-linux-x86_64 | 0.4.0 | 9.28 | 65.31 | 74.59 | OK | |
r-release-macos-arm64 | 0.4.0 | 31.00 | NOTE | |||
r-release-macos-x86_64 | 0.4.0 | 55.00 | NOTE | |||
r-release-windows-x86_64 | 0.4.0 | 33.00 | 98.00 | 131.00 | OK | |
r-oldrel-macos-arm64 | 0.4.0 | 32.00 | NOTE | |||
r-oldrel-macos-x86_64 | 0.4.0 | 46.00 | NOTE | |||
r-oldrel-windows-ix86+x86_64 | 0.4.0 | 19.00 | 94.00 | 113.00 | OK |
Version: 0.4.0
Check: data for non-ASCII characters
Result: NOTE
Note: found 12717 marked UTF-8 strings
Flavors: r-devel-linux-x86_64-fedora-clang, r-devel-linux-x86_64-fedora-gcc, r-release-macos-arm64, r-release-macos-x86_64, r-oldrel-macos-arm64, r-oldrel-macos-x86_64