Last updated on 2022-06-30 11:53:16 CEST.
Flavor | Version | Tinstall | Tcheck | Ttotal | Status | Flags |
---|---|---|---|---|---|---|
r-devel-linux-x86_64-debian-clang | 0.3.0 | 21.26 | 208.37 | 229.63 | OK | |
r-devel-linux-x86_64-debian-gcc | 0.3.0 | 17.28 | 148.38 | 165.66 | OK | |
r-devel-linux-x86_64-fedora-clang | 0.3.0 | 275.30 | NOTE | |||
r-devel-linux-x86_64-fedora-gcc | 0.3.0 | 288.97 | OK | |||
r-devel-windows-x86_64 | 0.3.0 | 75.00 | 247.00 | 322.00 | OK | |
r-patched-linux-x86_64 | 0.3.0 | 21.39 | 192.51 | 213.90 | OK | |
r-release-linux-x86_64 | 0.3.0 | 16.18 | 194.02 | 210.20 | OK | |
r-release-macos-arm64 | 0.3.0 | 78.00 | OK | |||
r-release-macos-x86_64 | 0.3.0 | 118.00 | OK | |||
r-release-windows-x86_64 | 0.3.0 | 95.00 | 232.00 | 327.00 | OK | |
r-oldrel-macos-arm64 | 0.3.0 | 60.00 | NOTE | |||
r-oldrel-macos-x86_64 | 0.3.0 | 97.00 | OK | |||
r-oldrel-windows-ix86+x86_64 | 0.3.0 | 38.00 | 234.00 | 272.00 | OK |
Version: 0.3.0
Check: package dependencies
Result: NOTE
Package suggested but not available for checking: ‘proDA’
Flavors: r-devel-linux-x86_64-fedora-clang, r-oldrel-macos-arm64