Last updated on 2025-04-29 12:52:45 CEST.
Flavor | Version | Tinstall | Tcheck | Ttotal | Status | Flags |
---|---|---|---|---|---|---|
r-devel-linux-x86_64-debian-clang | 1.0 | 3.76 | 37.13 | 40.89 | NOTE | |
r-devel-linux-x86_64-debian-gcc | 1.0 | 3.13 | 28.90 | 32.03 | NOTE | |
r-devel-linux-x86_64-fedora-clang | 1.0 | 67.92 | OK | |||
r-devel-linux-x86_64-fedora-gcc | 1.0 | 60.90 | OK | |||
r-devel-windows-x86_64 | 1.0 | 4.00 | 56.00 | 60.00 | OK | |
r-patched-linux-x86_64 | 1.0 | 3.85 | 35.64 | 39.49 | OK | |
r-release-linux-x86_64 | 1.0 | 3.78 | 35.86 | 39.64 | OK | |
r-release-macos-arm64 | 1.0 | 25.00 | OK | |||
r-release-macos-x86_64 | 1.0 | 40.00 | OK | |||
r-release-windows-x86_64 | 1.0 | 4.00 | 61.00 | 65.00 | OK | |
r-oldrel-macos-arm64 | 1.0 | 22.00 | OK | |||
r-oldrel-macos-x86_64 | 1.0 | 33.00 | OK | |||
r-oldrel-windows-x86_64 | 1.0 | 4.00 | 55.00 | 59.00 | OK |
Version: 1.0
Check: CRAN incoming feasibility
Result: NOTE
Maintainer: ‘Osama Mahmoud <ofamah@essex.ac.uk>’
No Authors@R field in DESCRIPTION.
Please add one, modifying
Authors@R: c(person(given = "Osama",
family = "Mahmoud",
role = c("aut", "cre"),
email = "ofamah@essex.ac.uk"),
person(given = "Andrew",
family = "Harrison",
role = "aut"),
person(given = "Aris",
family = "Perperoglou",
role = "aut"),
person(given = "Asma",
family = "Gul",
role = "aut"),
person(given = "Zardad",
family = "Khan",
role = "aut"),
person(given = "Berthold",
family = "Lausen",
role = "aut"))
as necessary.
Flavors: r-devel-linux-x86_64-debian-clang, r-devel-linux-x86_64-debian-gcc