CRAN Package Check Results for Package prompt

Last updated on 2022-06-27 11:50:51 CEST.

Flavor Version Tinstall Tcheck Ttotal Status Flags
r-devel-linux-x86_64-debian-clang 1.0.1 2.40 32.45 34.85 NOTE
r-devel-linux-x86_64-debian-gcc 1.0.1 2.60 24.45 27.05 NOTE
r-devel-linux-x86_64-fedora-clang 1.0.1 53.71 NOTE
r-devel-linux-x86_64-fedora-gcc 1.0.1 52.92 NOTE
r-devel-windows-x86_64 1.0.1 18.00 57.00 75.00 NOTE
r-patched-linux-x86_64 1.0.1 3.16 30.62 33.78 NOTE
r-release-linux-x86_64 1.0.1 3.39 31.39 34.78 NOTE
r-release-macos-arm64 1.0.1 17.00 NOTE
r-release-macos-x86_64 1.0.1 25.00 NOTE
r-release-windows-x86_64 1.0.1 17.00 62.00 79.00 NOTE
r-oldrel-macos-arm64 1.0.1 22.00 NOTE
r-oldrel-macos-x86_64 1.0.1 32.00 NOTE
r-oldrel-windows-ix86+x86_64 1.0.1 6.00 50.00 56.00 NOTE

Check Details

Version: 1.0.1
Check: LazyData
Result: NOTE
     'LazyData' is specified without a 'data' directory
Flavors: r-devel-linux-x86_64-debian-clang, r-devel-linux-x86_64-debian-gcc, r-devel-linux-x86_64-fedora-clang, r-devel-linux-x86_64-fedora-gcc, r-devel-windows-x86_64, r-patched-linux-x86_64, r-release-linux-x86_64, r-release-macos-arm64, r-release-macos-x86_64, r-release-windows-x86_64, r-oldrel-macos-arm64, r-oldrel-macos-x86_64, r-oldrel-windows-ix86+x86_64