CRAN Package Check Results for Package promethee123

Last updated on 2023-01-27 11:49:35 CET.

Flavor Version Tinstall Tcheck Ttotal Status Flags
r-devel-linux-x86_64-debian-clang 0.1.0 6.29 52.11 58.40 NOTE
r-devel-linux-x86_64-debian-gcc 0.1.0 4.50 39.13 43.63 NOTE
r-devel-linux-x86_64-fedora-clang 0.1.0 71.11 NOTE
r-devel-linux-x86_64-fedora-gcc 0.1.0 68.28 NOTE
r-patched-linux-x86_64 0.1.0 4.40 49.84 54.24 NOTE
r-release-linux-x86_64 0.1.0 4.43 51.16 55.59 NOTE
r-release-macos-arm64 0.1.0 22.00 NOTE
r-release-macos-x86_64 0.1.0 43.00 NOTE
r-release-windows-x86_64 0.1.0 14.00 78.00 92.00 NOTE
r-oldrel-macos-arm64 0.1.0 26.00 NOTE
r-oldrel-macos-x86_64 0.1.0 43.00 NOTE
r-oldrel-windows-ix86+x86_64 0.1.0 14.00 74.00 88.00 NOTE

Check Details

Version: 0.1.0
Check: LazyData
Result: NOTE
     'LazyData' is specified without a 'data' directory
Flavors: r-devel-linux-x86_64-debian-clang, r-devel-linux-x86_64-debian-gcc, r-devel-linux-x86_64-fedora-clang, r-devel-linux-x86_64-fedora-gcc, r-patched-linux-x86_64, r-release-linux-x86_64, r-release-macos-arm64, r-release-macos-x86_64, r-release-windows-x86_64, r-oldrel-macos-arm64, r-oldrel-macos-x86_64, r-oldrel-windows-ix86+x86_64