Last updated on 2024-04-23 10:54:13 CEST.
Flavor | Version | Tinstall | Tcheck | Ttotal | Status | Flags |
---|---|---|---|---|---|---|
r-devel-linux-x86_64-debian-clang | 0.5.2 | 5.33 | 54.66 | 59.99 | NOTE | |
r-devel-linux-x86_64-debian-gcc | 0.5.2 | 4.18 | 41.04 | 45.22 | NOTE | |
r-devel-linux-x86_64-fedora-clang | 0.5.2 | 76.68 | NOTE | |||
r-devel-linux-x86_64-fedora-gcc | 0.5.2 | 86.17 | NOTE | |||
r-prerel-macos-arm64 | 0.5.2 | 42.00 | NOTE | |||
r-prerel-windows-x86_64 | 0.5.2 | 6.00 | 70.00 | 76.00 | NOTE | |
r-patched-linux-x86_64 | 0.5.2 | 6.23 | 52.94 | 59.17 | NOTE | |
r-release-linux-x86_64 | 0.5.2 | 3.86 | 50.34 | 54.20 | OK | |
r-release-macos-arm64 | 0.5.2 | 36.00 | OK | |||
r-release-macos-x86_64 | 0.5.2 | 86.00 | OK | |||
r-release-windows-x86_64 | 0.5.2 | 5.00 | 72.00 | 77.00 | OK | |
r-oldrel-macos-arm64 | 0.5.2 | 34.00 | OK | |||
r-oldrel-windows-x86_64 | 0.5.2 | 8.00 | 75.00 | 83.00 | OK |
Version: 0.5.2
Check: Rd files
Result: NOTE
checkRd: (-1) prolific_prescreener.Rd:254: Lost braces in \itemize; meant \describe ?
checkRd: (-1) prolific_prescreener.Rd:255: Lost braces in \itemize; meant \describe ?
checkRd: (-1) prolific_study.Rd:95: Lost braces in \itemize; meant \describe ?
checkRd: (-1) prolific_study.Rd:96: Lost braces in \itemize; meant \describe ?
checkRd: (-1) prolific_study.Rd:97: Lost braces in \itemize; meant \describe ?
checkRd: (-1) prolific_study.Rd:109: Lost braces in \itemize; meant \describe ?
checkRd: (-1) prolific_study.Rd:110: Lost braces in \itemize; meant \describe ?
checkRd: (-1) prolific_study.Rd:149: Lost braces in \itemize; meant \describe ?
checkRd: (-1) prolific_study.Rd:150: Lost braces in \itemize; meant \describe ?
checkRd: (-1) prolific_study.Rd:151: Lost braces in \itemize; meant \describe ?
checkRd: (-1) prolific_study.Rd:243: Lost braces in \itemize; meant \describe ?
checkRd: (-1) prolific_study.Rd:244: Lost braces in \itemize; meant \describe ?
Flavors: r-devel-linux-x86_64-debian-clang, r-devel-linux-x86_64-debian-gcc, r-devel-linux-x86_64-fedora-clang, r-devel-linux-x86_64-fedora-gcc, r-prerel-macos-arm64, r-prerel-windows-x86_64, r-patched-linux-x86_64