CRAN Package Check Results for Package projmgr

Last updated on 2022-06-28 12:52:33 CEST.

Flavor Version Tinstall Tcheck Ttotal Status Flags
r-devel-linux-x86_64-debian-clang 0.1.0 3.33 34.90 38.23 NOTE
r-devel-linux-x86_64-debian-gcc 0.1.0 2.89 26.74 29.63 NOTE
r-devel-linux-x86_64-fedora-clang 0.1.0 57.25 NOTE
r-devel-linux-x86_64-fedora-gcc 0.1.0 67.83 NOTE
r-devel-windows-x86_64 0.1.0 30.00 66.00 96.00 NOTE
r-patched-linux-x86_64 0.1.0 4.53 33.58 38.11 NOTE
r-release-linux-x86_64 0.1.0 3.74 34.11 37.85 NOTE
r-release-macos-arm64 0.1.0 35.00 NOTE
r-release-macos-x86_64 0.1.0 32.00 NOTE
r-release-windows-x86_64 0.1.0 37.00 65.00 102.00 NOTE
r-oldrel-macos-arm64 0.1.0 62.00 NOTE
r-oldrel-macos-x86_64 0.1.0 65.00 NOTE
r-oldrel-windows-ix86+x86_64 0.1.0 8.00 55.00 63.00 NOTE

Check Details

Version: 0.1.0
Check: LazyData
Result: NOTE
     'LazyData' is specified without a 'data' directory
Flavors: r-devel-linux-x86_64-debian-clang, r-devel-linux-x86_64-debian-gcc, r-devel-linux-x86_64-fedora-clang, r-devel-linux-x86_64-fedora-gcc, r-devel-windows-x86_64, r-patched-linux-x86_64, r-release-linux-x86_64, r-release-macos-arm64, r-release-macos-x86_64, r-release-windows-x86_64, r-oldrel-macos-arm64, r-oldrel-macos-x86_64, r-oldrel-windows-ix86+x86_64