Last updated on 2024-03-28 09:51:53 CET.
Flavor | Version | Tinstall | Tcheck | Ttotal | Status | Flags |
---|---|---|---|---|---|---|
r-devel-linux-x86_64-debian-clang | 0.6.0 | 1.90 | 44.92 | 46.82 | NOTE | |
r-devel-linux-x86_64-debian-gcc | 0.6.0 | 2.44 | 34.74 | 37.18 | NOTE | |
r-devel-linux-x86_64-fedora-clang | 0.6.0 | 59.45 | NOTE | |||
r-devel-linux-x86_64-fedora-gcc | 0.6.0 | 59.32 | NOTE | |||
r-devel-windows-x86_64 | 0.6.0 | 4.00 | 57.00 | 61.00 | NOTE | |
r-patched-linux-x86_64 | 0.6.0 | 3.49 | 44.82 | 48.31 | NOTE | |
r-release-linux-x86_64 | 0.6.0 | 2.50 | 43.04 | 45.54 | OK | |
r-release-macos-arm64 | 0.6.0 | 23.00 | OK | |||
r-release-macos-x86_64 | 0.6.0 | 31.00 | OK | |||
r-release-windows-x86_64 | 0.6.0 | 5.00 | 60.00 | 65.00 | OK | |
r-oldrel-macos-arm64 | 0.6.0 | 19.00 | OK | |||
r-oldrel-windows-x86_64 | 0.6.0 | 5.00 | 66.00 | 71.00 | OK |
Version: 0.6.0
Check: Rd files
Result: NOTE
checkRd: (-1) summary.projections.Rd:33-48: Lost braces
33 | if (require(incidence)) {
| ^
Flavors: r-devel-linux-x86_64-debian-clang, r-devel-linux-x86_64-debian-gcc, r-devel-linux-x86_64-fedora-clang, r-devel-linux-x86_64-fedora-gcc, r-devel-windows-x86_64, r-patched-linux-x86_64