CRAN Package Check Results for Package proj4

Last updated on 2022-12-06 11:49:58 CET.

Flavor Version Tinstall Tcheck Ttotal Status Flags
r-devel-linux-x86_64-debian-clang 1.0-12 5.84 23.99 29.83 OK
r-devel-linux-x86_64-debian-gcc 1.0-12 3.78 18.37 22.15 OK
r-devel-linux-x86_64-fedora-clang 1.0-12 50.02 OK
r-devel-linux-x86_64-fedora-gcc 1.0-12 45.88 OK
r-devel-windows-x86_64 1.0-12 19.00 132.00 151.00 NOTE
r-patched-linux-x86_64 1.0-12 3.82 22.90 26.72 OK
r-release-linux-x86_64 1.0-12 4.48 23.19 27.67 OK
r-release-macos-arm64 1.0-12 22.00 NOTE
r-release-macos-x86_64 1.0-12 51.00 NOTE
r-release-windows-x86_64 1.0-12 16.00 143.00 159.00 NOTE
r-oldrel-macos-arm64 1.0-12 24.00 NOTE
r-oldrel-macos-x86_64 1.0-12 59.00 NOTE
r-oldrel-windows-ix86+x86_64 1.0-12 9.00 50.00 59.00 OK

Check Details

Version: 1.0-12
Check: installed package size
Result: NOTE
     installed size is 12.4Mb
     sub-directories of 1Mb or more:
     libs 12.4Mb
Flavors: r-devel-windows-x86_64, r-release-macos-arm64, r-release-macos-x86_64, r-release-windows-x86_64, r-oldrel-macos-arm64, r-oldrel-macos-x86_64