CRAN Package Check Results for Package progress

Last updated on 2022-05-21 10:50:22 CEST.

Flavor Version Tinstall Tcheck Ttotal Status Flags
r-devel-linux-x86_64-debian-clang 1.2.2 4.73 43.04 47.77 NOTE
r-devel-linux-x86_64-debian-gcc 1.2.2 3.44 33.31 36.75 NOTE
r-devel-linux-x86_64-fedora-clang 1.2.2 57.48 NOTE
r-devel-linux-x86_64-fedora-gcc 1.2.2 56.63 NOTE
r-devel-windows-x86_64 1.2.2 18.00 65.00 83.00 NOTE
r-patched-linux-x86_64 1.2.2 4.34 41.93 46.27 NOTE
r-release-linux-x86_64 1.2.2 4.55 42.36 46.91 NOTE
r-release-macos-arm64 1.2.2 19.00 NOTE
r-release-macos-x86_64 1.2.2 26.00 NOTE
r-release-windows-x86_64 1.2.2 24.00 66.00 90.00 NOTE
r-oldrel-macos-arm64 1.2.2 22.00 NOTE
r-oldrel-macos-x86_64 1.2.2 31.00 NOTE
r-oldrel-windows-ix86+x86_64 1.2.2 10.00 53.00 63.00 NOTE

Check Details

Version: 1.2.2
Check: LazyData
Result: NOTE
     'LazyData' is specified without a 'data' directory
Flavors: r-devel-linux-x86_64-debian-clang, r-devel-linux-x86_64-debian-gcc, r-devel-linux-x86_64-fedora-clang, r-devel-linux-x86_64-fedora-gcc, r-devel-windows-x86_64, r-patched-linux-x86_64, r-release-linux-x86_64, r-release-macos-arm64, r-release-macos-x86_64, r-release-windows-x86_64, r-oldrel-macos-arm64, r-oldrel-macos-x86_64, r-oldrel-windows-ix86+x86_64