CRAN Package Check Results for Package proftools

Last updated on 2024-02-26 12:54:33 CET.

Flavor Version Tinstall Tcheck Ttotal Status Flags
r-devel-linux-x86_64-debian-clang 0.99-3 4.85 94.51 99.36 NOTE
r-devel-linux-x86_64-debian-gcc 0.99-3 4.65 71.00 75.65 NOTE
r-devel-linux-x86_64-fedora-clang 0.99-3 128.06 OK
r-devel-linux-x86_64-fedora-gcc 0.99-3 133.44 OK
r-devel-windows-x86_64 0.99-3 5.00 110.00 115.00 OK
r-patched-linux-x86_64 0.99-3 6.82 101.42 108.24 OK
r-release-linux-x86_64 0.99-3 5.48 98.72 104.20 OK
r-release-macos-arm64 0.99-3 51.00 OK
r-release-macos-x86_64 0.99-3 81.00 OK
r-release-windows-x86_64 0.99-3 6.00 117.00 123.00 OK
r-oldrel-macos-arm64 0.99-3 42.00 OK
r-oldrel-windows-x86_64 0.99-3 8.00 123.00 131.00 OK

Check Details

Version: 0.99-3
Check: Rd files
Result: NOTE checkRd: (-1) proftools-package.Rd:40: Lost braces 40 | by the code{kcachegrind} program available on some operating | ^ Flavors: r-devel-linux-x86_64-debian-clang, r-devel-linux-x86_64-debian-gcc