CRAN Package Check Results for Package processmonitR

Last updated on 2022-07-01 11:52:07 CEST.

Flavor Version Tinstall Tcheck Ttotal Status Flags
r-devel-linux-x86_64-debian-clang 0.1.0 10.03 77.76 87.79 NOTE
r-devel-linux-x86_64-debian-gcc 0.1.0 7.31 57.74 65.05 NOTE
r-devel-linux-x86_64-fedora-clang 0.1.0 113.96 NOTE
r-devel-linux-x86_64-fedora-gcc 0.1.0 113.24 NOTE
r-devel-windows-x86_64 0.1.0 26.00 100.00 126.00 NOTE
r-patched-linux-x86_64 0.1.0 9.48 72.08 81.56 NOTE
r-release-linux-x86_64 0.1.0 9.87 72.84 82.71 NOTE
r-release-macos-arm64 0.1.0 34.00 NOTE
r-release-macos-x86_64 0.1.0 55.00 NOTE
r-release-windows-x86_64 0.1.0 24.00 100.00 124.00 NOTE
r-oldrel-macos-arm64 0.1.0 36.00 NOTE
r-oldrel-macos-x86_64 0.1.0 47.00 NOTE
r-oldrel-windows-ix86+x86_64 0.1.0 22.00 96.00 118.00 NOTE

Check Details

Version: 0.1.0
Check: LazyData
Result: NOTE
     'LazyData' is specified without a 'data' directory
Flavors: r-devel-linux-x86_64-debian-clang, r-devel-linux-x86_64-debian-gcc, r-devel-linux-x86_64-fedora-clang, r-devel-linux-x86_64-fedora-gcc, r-devel-windows-x86_64, r-patched-linux-x86_64, r-release-linux-x86_64, r-release-macos-arm64, r-release-macos-x86_64, r-release-windows-x86_64, r-oldrel-macos-arm64, r-oldrel-macos-x86_64, r-oldrel-windows-ix86+x86_64