Last updated on 2022-06-30 11:53:15 CEST.
Flavor | Version | Tinstall | Tcheck | Ttotal | Status | Flags |
---|---|---|---|---|---|---|
r-devel-linux-x86_64-debian-clang | 1.0.4 | 11.56 | 131.96 | 143.52 | OK | |
r-devel-linux-x86_64-debian-gcc | 1.0.4 | 9.70 | 96.49 | 106.19 | OK | |
r-devel-linux-x86_64-fedora-clang | 1.0.4 | 174.16 | NOTE | |||
r-devel-linux-x86_64-fedora-gcc | 1.0.4 | 174.68 | OK | |||
r-devel-windows-x86_64 | 1.0.4 | 115.00 | 177.00 | 292.00 | NOTE | |
r-patched-linux-x86_64 | 1.0.4 | 15.02 | 122.31 | 137.33 | OK | |
r-release-linux-x86_64 | 1.0.4 | 7.45 | 120.53 | 127.98 | OK | |
r-release-macos-arm64 | 1.0.4 | 48.00 | NOTE | |||
r-release-macos-x86_64 | 1.0.4 | 83.00 | NOTE | |||
r-release-windows-x86_64 | 1.0.4 | 167.00 | 166.00 | 333.00 | NOTE | |
r-oldrel-macos-arm64 | 1.0.4 | 53.00 | NOTE | |||
r-oldrel-macos-x86_64 | 1.0.4 | 79.00 | NOTE | |||
r-oldrel-windows-ix86+x86_64 | 1.0.4 | 29.00 | 163.00 | 192.00 | NOTE |
Version: 1.0.4
Check: installed package size
Result: NOTE
installed size is 13.9Mb
sub-directories of 1Mb or more:
doc 11.1Mb
htmlwidgets 2.6Mb
Flavors: r-devel-linux-x86_64-fedora-clang, r-devel-windows-x86_64, r-release-macos-arm64, r-release-macos-x86_64, r-release-windows-x86_64, r-oldrel-macos-arm64, r-oldrel-macos-x86_64, r-oldrel-windows-ix86+x86_64