Last updated on 2025-04-29 12:52:45 CEST.
Flavor | Version | Tinstall | Tcheck | Ttotal | Status | Flags |
---|---|---|---|---|---|---|
r-devel-linux-x86_64-debian-clang | 0.14 | 1.49 | 17.30 | 18.79 | NOTE | |
r-devel-linux-x86_64-debian-gcc | 0.14 | 1.35 | 13.98 | 15.33 | NOTE | |
r-devel-linux-x86_64-fedora-clang | 0.14 | 29.53 | OK | |||
r-devel-linux-x86_64-fedora-gcc | 0.14 | 28.47 | OK | |||
r-devel-windows-x86_64 | 0.14 | 2.00 | 39.00 | 41.00 | OK | |
r-patched-linux-x86_64 | 0.14 | 1.82 | 16.59 | 18.41 | OK | |
r-release-linux-x86_64 | 0.14 | 1.45 | 16.52 | 17.97 | OK | |
r-release-macos-arm64 | 0.14 | 18.00 | OK | |||
r-release-macos-x86_64 | 0.14 | 30.00 | OK | |||
r-release-windows-x86_64 | 0.14 | 2.00 | 41.00 | 43.00 | OK | |
r-oldrel-macos-arm64 | 0.14 | 17.00 | NOTE | |||
r-oldrel-macos-x86_64 | 0.14 | 24.00 | NOTE | |||
r-oldrel-windows-x86_64 | 0.14 | 2.00 | 38.00 | 40.00 | NOTE |
Version: 0.14
Check: CRAN incoming feasibility
Result: NOTE
Maintainer: ‘Rishabh Gupta <rishabh.uk@gmail.com>’
No Authors@R field in DESCRIPTION.
Please add one, modifying
Authors@R: c(person(given = "Rishabh",
family = "Gupta",
role = c("aut", "cre"),
email = "rishabh.uk@gmail.com"),
person(given = c("Nicholas", "J."),
family = "Matzke",
role = "aut"))
as necessary.
Flavors: r-devel-linux-x86_64-debian-clang, r-devel-linux-x86_64-debian-gcc
Version: 0.14
Check: LazyData
Result: NOTE
'LazyData' is specified without a 'data' directory
Flavors: r-oldrel-macos-arm64, r-oldrel-macos-x86_64, r-oldrel-windows-x86_64