Last updated on 2024-08-16 12:49:16 CEST.
Flavor | Version | Tinstall | Tcheck | Ttotal | Status | Flags |
---|---|---|---|---|---|---|
r-devel-linux-x86_64-debian-clang | 1.0.2 | 6.78 | 404.34 | 411.12 | NOTE | |
r-devel-linux-x86_64-debian-gcc | 1.0.2 | 4.55 | 343.91 | 348.46 | NOTE | |
r-devel-linux-x86_64-fedora-clang | 1.0.2 | 576.76 | NOTE | |||
r-devel-linux-x86_64-fedora-gcc | 1.0.2 | 842.12 | NOTE | |||
r-devel-windows-x86_64 | 1.0.2 | 9.00 | 375.00 | 384.00 | NOTE | |
r-patched-linux-x86_64 | 1.0.2 | 5.50 | 466.47 | 471.97 | NOTE | |
r-release-linux-x86_64 | 1.0.2 | 5.24 | 463.78 | 469.02 | NOTE | |
r-release-macos-arm64 | 1.0.2 | 173.00 | NOTE | |||
r-release-macos-x86_64 | 1.0.2 | 548.00 | NOTE | |||
r-release-windows-x86_64 | 1.0.2 | 9.00 | 370.00 | 379.00 | NOTE | |
r-oldrel-macos-arm64 | 1.0.2 | 11.00 | ERROR | |||
r-oldrel-macos-x86_64 | 1.0.2 | 11.00 | ERROR | |||
r-oldrel-windows-x86_64 | 1.0.2 | 11.00 | 464.00 | 475.00 | NOTE |
Version: 1.0.2
Check: package dependencies
Result: NOTE
Packages suggested but not available for checking: 'cmdstanr', 'iwmm'
Flavors: r-devel-linux-x86_64-debian-clang, r-devel-linux-x86_64-debian-gcc, r-devel-linux-x86_64-fedora-clang, r-devel-linux-x86_64-fedora-gcc, r-devel-windows-x86_64, r-patched-linux-x86_64, r-release-linux-x86_64, r-release-macos-arm64, r-release-macos-x86_64, r-release-windows-x86_64, r-oldrel-windows-x86_64
Version: 1.0.2
Check: package dependencies
Result: ERROR
Package required and available but unsuitable version: ‘posterior’
Packages suggested but not available for checking: 'cmdstanr', 'iwmm'
See section ‘The DESCRIPTION file’ in the ‘Writing R Extensions’
manual.
Flavors: r-oldrel-macos-arm64, r-oldrel-macos-x86_64