Last updated on 2024-03-28 09:51:52 CET.
Flavor | Version | Tinstall | Tcheck | Ttotal | Status | Flags |
---|---|---|---|---|---|---|
r-devel-linux-x86_64-debian-clang | 0.5.0 | 299.55 | 116.18 | 415.73 | NOTE | |
r-devel-linux-x86_64-debian-gcc | 0.5.0 | 226.09 | 87.93 | 314.02 | NOTE | |
r-devel-linux-x86_64-fedora-clang | 0.5.0 | 638.12 | NOTE | |||
r-devel-linux-x86_64-fedora-gcc | 0.5.0 | 670.68 | NOTE | |||
r-devel-windows-x86_64 | 0.5.0 | 254.00 | 120.00 | 374.00 | NOTE | |
r-patched-linux-x86_64 | 0.5.0 | 206.26 | 111.69 | 317.95 | NOTE | |
r-release-linux-x86_64 | 0.5.0 | 207.74 | 113.72 | 321.46 | NOTE | |
r-release-macos-arm64 | 0.5.0 | 123.00 | NOTE | |||
r-release-macos-x86_64 | 0.5.0 | 170.00 | NOTE | |||
r-release-windows-x86_64 | 0.5.0 | 319.00 | 147.00 | 466.00 | NOTE | |
r-oldrel-macos-arm64 | 0.5.0 | 105.00 | NOTE | |||
r-oldrel-windows-x86_64 | 0.5.0 | 295.00 | 136.00 | 431.00 | NOTE |
Version: 0.5.0
Check: package dependencies
Result: NOTE
Packages suggested but not available for checking: 'gurobi', 'rcbc'
Flavors: r-devel-linux-x86_64-debian-clang, r-devel-linux-x86_64-debian-gcc, r-patched-linux-x86_64, r-release-linux-x86_64
Version: 0.5.0
Check: package dependencies
Result: NOTE
Packages suggested but not available for checking:
'gurobi', 'Rcplex', 'rcbc'
Flavors: r-devel-linux-x86_64-fedora-clang, r-devel-linux-x86_64-fedora-gcc, r-devel-windows-x86_64, r-release-macos-arm64, r-release-macos-x86_64, r-release-windows-x86_64, r-oldrel-macos-arm64, r-oldrel-windows-x86_64
Version: 0.5.0
Check: installed package size
Result: NOTE
installed size is 5.3Mb
sub-directories of 1Mb or more:
doc 3.6Mb
Flavors: r-devel-linux-x86_64-fedora-clang, r-devel-windows-x86_64, r-release-macos-arm64, r-release-macos-x86_64, r-release-windows-x86_64, r-oldrel-macos-arm64, r-oldrel-windows-x86_64