Last updated on 2023-12-06 11:52:35 CET.
Flavor | Version | Tinstall | Tcheck | Ttotal | Status | Flags |
---|---|---|---|---|---|---|
r-devel-linux-x86_64-debian-clang | 1.0.0 | 4.20 | 42.34 | 46.54 | OK | |
r-devel-linux-x86_64-debian-gcc | 1.0.0 | 3.30 | 32.40 | 35.70 | OK | |
r-devel-linux-x86_64-fedora-clang | 1.0.0 | 57.41 | OK | |||
r-devel-linux-x86_64-fedora-gcc | 1.0.0 | 54.22 | OK | |||
r-devel-windows-x86_64 | 1.0.0 | 4.00 | 55.00 | 59.00 | OK | |
r-patched-linux-x86_64 | 1.0.0 | 4.34 | 40.78 | 45.12 | OK | |
r-release-linux-x86_64 | 1.0.0 | 4.08 | 40.58 | 44.66 | OK | |
r-release-macos-arm64 | 1.0.0 | 23.00 | OK | |||
r-release-macos-x86_64 | 1.0.0 | 31.00 | NOTE | |||
r-release-windows-x86_64 | 1.0.0 | 6.00 | 61.00 | 67.00 | OK | |
r-oldrel-macos-arm64 | 1.0.0 | 20.00 | OK | |||
r-oldrel-macos-x86_64 | 1.0.0 | 30.00 | OK | |||
r-oldrel-windows-x86_64 | 1.0.0 | 8.00 | 63.00 | 71.00 | OK |
Version: 1.0.0
Check: package dependencies
Result: NOTE
Package suggested but not available for checking: ‘AER’
Flavor: r-release-macos-x86_64