CRAN Package Check Results for Package primefactr

Last updated on 2022-07-01 11:52:07 CEST.

Flavor Version Tinstall Tcheck Ttotal Status Flags
r-devel-linux-x86_64-debian-clang 0.1.1 1.92 30.24 32.16 NOTE
r-devel-linux-x86_64-debian-gcc 0.1.1 1.51 23.56 25.07 NOTE
r-devel-linux-x86_64-fedora-clang 0.1.1 50.20 NOTE
r-devel-linux-x86_64-fedora-gcc 0.1.1 48.56 NOTE
r-devel-windows-x86_64 0.1.1 18.00 56.00 74.00 NOTE
r-patched-linux-x86_64 0.1.1 1.73 30.20 31.93 NOTE
r-release-linux-x86_64 0.1.1 2.01 29.46 31.47 NOTE
r-release-macos-arm64 0.1.1 16.00 NOTE
r-release-macos-x86_64 0.1.1 23.00 NOTE
r-release-windows-x86_64 0.1.1 15.00 56.00 71.00 NOTE
r-oldrel-macos-arm64 0.1.1 18.00 NOTE
r-oldrel-macos-x86_64 0.1.1 32.00 NOTE
r-oldrel-windows-ix86+x86_64 0.1.1 5.00 49.00 54.00 NOTE

Check Details

Version: 0.1.1
Check: LazyData
Result: NOTE
     'LazyData' is specified without a 'data' directory
Flavors: r-devel-linux-x86_64-debian-clang, r-devel-linux-x86_64-debian-gcc, r-devel-linux-x86_64-fedora-clang, r-devel-linux-x86_64-fedora-gcc, r-devel-windows-x86_64, r-patched-linux-x86_64, r-release-linux-x86_64, r-release-macos-arm64, r-release-macos-x86_64, r-release-windows-x86_64, r-oldrel-macos-arm64, r-oldrel-macos-x86_64, r-oldrel-windows-ix86+x86_64