Last updated on 2024-04-23 10:54:12 CEST.
Flavor | Version | Tinstall | Tcheck | Ttotal | Status | Flags |
---|---|---|---|---|---|---|
r-devel-linux-x86_64-debian-clang | 1.0.21 | 4.46 | 68.07 | 72.53 | NOTE | |
r-devel-linux-x86_64-debian-gcc | 1.0.21 | 2.82 | 49.80 | 52.62 | NOTE | |
r-devel-linux-x86_64-fedora-clang | 1.0.21 | 89.46 | NOTE | |||
r-devel-linux-x86_64-fedora-gcc | 1.0.21 | 99.34 | NOTE | |||
r-prerel-macos-arm64 | 1.0.21 | 48.00 | NOTE | |||
r-prerel-windows-x86_64 | 1.0.21 | 4.00 | 201.00 | 205.00 | NOTE | |
r-patched-linux-x86_64 | 1.0.21 | 4.43 | 65.74 | 70.17 | NOTE | |
r-release-linux-x86_64 | 1.0.21 | 2.36 | 61.30 | 63.66 | OK | |
r-release-macos-arm64 | 1.0.21 | 39.00 | OK | |||
r-release-macos-x86_64 | 1.0.21 | 62.00 | OK | |||
r-release-windows-x86_64 | 1.0.21 | 5.00 | 203.00 | 208.00 | OK | |
r-oldrel-macos-arm64 | 1.0.21 | 39.00 | OK | |||
r-oldrel-windows-x86_64 | 1.0.21 | 5.00 | 184.00 | 189.00 | OK |
Version: 1.0.21
Check: Rd files
Result: NOTE
checkRd: (-1) prim.box.Rd:66: Lost braces in \itemize; meant \describe ?
checkRd: (-1) prim.box.Rd:68: Lost braces in \itemize; meant \describe ?
checkRd: (-1) prim.box.Rd:70: Lost braces in \itemize; meant \describe ?
Flavors: r-devel-linux-x86_64-debian-clang, r-devel-linux-x86_64-debian-gcc, r-devel-linux-x86_64-fedora-clang, r-devel-linux-x86_64-fedora-gcc, r-prerel-macos-arm64, r-prerel-windows-x86_64, r-patched-linux-x86_64