Last updated on 2024-08-16 12:49:16 CEST.
Flavor | Version | Tinstall | Tcheck | Ttotal | Status | Flags |
---|---|---|---|---|---|---|
r-devel-linux-x86_64-debian-clang | 1.3.0 | 8.51 | 98.17 | 106.68 | NOTE | |
r-devel-linux-x86_64-debian-gcc | 1.3.0 | 5.96 | 71.87 | 77.83 | NOTE | |
r-devel-linux-x86_64-fedora-clang | 1.3.0 | 172.94 | OK | |||
r-devel-linux-x86_64-fedora-gcc | 1.3.0 | 177.10 | OK | |||
r-devel-windows-x86_64 | 1.3.0 | 10.00 | 107.00 | 117.00 | NOTE | |
r-patched-linux-x86_64 | 1.3.0 | 12.97 | 93.92 | 106.89 | OK | |
r-release-linux-x86_64 | 1.3.0 | 7.75 | 93.07 | 100.82 | OK | |
r-release-macos-arm64 | 1.3.0 | 55.00 | OK | |||
r-release-macos-x86_64 | 1.3.0 | 83.00 | OK | |||
r-release-windows-x86_64 | 1.3.0 | 10.00 | 101.00 | 111.00 | OK | |
r-oldrel-macos-arm64 | 1.3.0 | 68.00 | OK | |||
r-oldrel-macos-x86_64 | 1.3.0 | 121.00 | OK | |||
r-oldrel-windows-x86_64 | 1.3.0 | 13.00 | 122.00 | 135.00 | OK |
Version: 1.3.0
Check: Rd cross-references
Result: NOTE
Found the following Rd file(s) with Rd \link{} targets missing package
anchors:
psm_analysis_weighted.rd: svydesign
Please provide package anchors for all Rd \link{} targets not in the
package itself and the base packages.
Flavors: r-devel-linux-x86_64-debian-clang, r-devel-linux-x86_64-debian-gcc, r-devel-windows-x86_64