Last updated on 2025-05-06 12:49:46 CEST.
Flavor | Version | Tinstall | Tcheck | Ttotal | Status | Flags |
---|---|---|---|---|---|---|
r-devel-linux-x86_64-debian-clang | 2.6.1 | 5.91 | 48.05 | 53.96 | OK | |
r-devel-linux-x86_64-debian-gcc | 2.6.1 | 4.60 | 36.71 | 41.31 | OK | |
r-devel-linux-x86_64-fedora-clang | 2.6.1 | 85.56 | OK | |||
r-devel-linux-x86_64-fedora-gcc | 2.6.1 | 77.20 | OK | |||
r-devel-windows-x86_64 | 2.6.1 | 9.00 | 65.00 | 74.00 | OK | |
r-patched-linux-x86_64 | 2.6.1 | 6.53 | 44.62 | 51.15 | OK | |
r-release-linux-x86_64 | 2.6.1 | 6.17 | 44.37 | 50.54 | OK | |
r-release-macos-arm64 | 2.6.1 | 29.00 | OK | |||
r-release-macos-x86_64 | 2.6.1 | 56.00 | OK | |||
r-release-windows-x86_64 | 2.6.1 | 10.00 | 66.00 | 76.00 | OK | |
r-oldrel-macos-arm64 | 2.6.1 | 26.00 | NOTE | |||
r-oldrel-macos-x86_64 | 2.6.1 | 55.00 | NOTE | |||
r-oldrel-windows-x86_64 | 2.6.1 | 10.00 | 76.00 | 86.00 | NOTE |
Version: 2.6.1
Check: installed package size
Result: NOTE
installed size is 5.5Mb
sub-directories of 1Mb or more:
shinyApp 5.4Mb
Flavors: r-oldrel-macos-arm64, r-oldrel-macos-x86_64, r-oldrel-windows-x86_64