CRAN Package Check Results for Package presize

Last updated on 2022-07-02 12:53:11 CEST.

Flavor Version Tinstall Tcheck Ttotal Status Flags
r-devel-linux-x86_64-debian-clang 0.3.1 4.95 43.01 47.96 OK
r-devel-linux-x86_64-debian-gcc 0.3.1 2.71 32.49 35.20 OK
r-devel-linux-x86_64-fedora-clang 0.3.1 66.39 OK
r-devel-linux-x86_64-fedora-gcc 0.3.1 64.99 OK
r-devel-windows-x86_64 0.3.1 37.00 73.00 110.00 OK
r-patched-linux-x86_64 0.3.1 4.36 40.18 44.54 OK
r-release-linux-x86_64 0.3.1 4.21 41.68 45.89 OK
r-release-macos-arm64 0.3.1 20.00 OK
r-release-macos-x86_64 0.3.1 7.00 ERROR
r-release-windows-x86_64 0.3.1 29.00 76.00 105.00 OK
r-oldrel-macos-arm64 0.3.1 25.00 OK
r-oldrel-macos-x86_64 0.3.1 30.00 OK
r-oldrel-windows-ix86+x86_64 0.3.1 9.00 64.00 73.00 OK

Check Details

Version: 0.3.1
Check: package dependencies
Result: ERROR
    Package required but not available: ‘kappaSize’
    
    See section ‘The DESCRIPTION file’ in the ‘Writing R Extensions’
    manual.
Flavor: r-release-macos-x86_64