Last updated on 2023-01-27 11:49:35 CET.
Flavor | Version | Tinstall | Tcheck | Ttotal | Status | Flags |
---|---|---|---|---|---|---|
r-devel-linux-x86_64-debian-clang | 0.1.1 | 3.47 | 51.09 | 54.56 | NOTE | |
r-devel-linux-x86_64-debian-gcc | 0.1.1 | 2.96 | 38.16 | 41.12 | NOTE | |
r-devel-linux-x86_64-fedora-clang | 0.1.1 | 72.02 | NOTE | |||
r-devel-linux-x86_64-fedora-gcc | 0.1.1 | 73.53 | NOTE | |||
r-patched-linux-x86_64 | 0.1.1 | 4.08 | 48.88 | 52.96 | NOTE | |
r-release-linux-x86_64 | 0.1.1 | 2.34 | 49.84 | 52.18 | NOTE | |
r-release-macos-arm64 | 0.1.1 | 23.00 | NOTE | |||
r-release-macos-x86_64 | 0.1.1 | 37.00 | NOTE | |||
r-release-windows-x86_64 | 0.1.1 | 37.00 | 85.00 | 122.00 | NOTE | |
r-oldrel-macos-arm64 | 0.1.1 | 26.00 | NOTE | |||
r-oldrel-macos-x86_64 | 0.1.1 | 44.00 | NOTE | |||
r-oldrel-windows-ix86+x86_64 | 0.1.1 | 10.00 | 85.00 | 95.00 | NOTE |
Version: 0.1.1
Check: LazyData
Result: NOTE
'LazyData' is specified without a 'data' directory
Flavors: r-devel-linux-x86_64-debian-clang, r-devel-linux-x86_64-debian-gcc, r-devel-linux-x86_64-fedora-clang, r-devel-linux-x86_64-fedora-gcc, r-patched-linux-x86_64, r-release-linux-x86_64, r-release-macos-arm64, r-release-macos-x86_64, r-release-windows-x86_64, r-oldrel-macos-arm64, r-oldrel-macos-x86_64, r-oldrel-windows-ix86+x86_64