CRAN Package Check Results for Package prcr

Last updated on 2022-06-26 11:52:40 CEST.

Flavor Version Tinstall Tcheck Ttotal Status Flags
r-devel-linux-x86_64-debian-clang 0.2.1 6.19 66.48 72.67 OK
r-devel-linux-x86_64-debian-gcc 0.2.1 5.36 49.95 55.31 OK
r-devel-linux-x86_64-fedora-clang 0.2.1 97.93 NOTE
r-devel-linux-x86_64-fedora-gcc 0.2.1 94.24 NOTE
r-devel-windows-x86_64 0.2.1 16.00 90.00 106.00 OK
r-patched-linux-x86_64 0.2.1 5.28 62.66 67.94 OK
r-release-linux-x86_64 0.2.1 6.24 62.70 68.94 OK
r-release-macos-arm64 0.2.1 29.00 NOTE
r-release-macos-x86_64 0.2.1 51.00 NOTE
r-release-windows-x86_64 0.2.1 17.00 94.00 111.00 OK
r-oldrel-macos-arm64 0.2.1 37.00 NOTE
r-oldrel-macos-x86_64 0.2.1 48.00 NOTE
r-oldrel-windows-ix86+x86_64 0.2.1 15.00 86.00 101.00 OK

Check Details

Version: 0.2.1
Check: dependencies in R code
Result: NOTE
    Namespaces in Imports field not imported from:
     ‘class’ ‘forcats’ ‘irr’ ‘lpSolve’ ‘purrr’
     All declared Imports should be used.
Flavors: r-devel-linux-x86_64-fedora-clang, r-devel-linux-x86_64-fedora-gcc, r-release-macos-arm64, r-release-macos-x86_64, r-oldrel-macos-arm64, r-oldrel-macos-x86_64