Last updated on 2022-07-02 12:53:10 CEST.
Flavor | Version | Tinstall | Tcheck | Ttotal | Status | Flags |
---|---|---|---|---|---|---|
r-devel-linux-x86_64-debian-clang | 1.0.2 | 12.69 | 143.16 | 155.85 | NOTE | |
r-devel-linux-x86_64-debian-gcc | 1.0.2 | 10.58 | 106.41 | 116.99 | NOTE | |
r-devel-linux-x86_64-fedora-clang | 1.0.2 | 191.05 | WARN | |||
r-devel-linux-x86_64-fedora-gcc | 1.0.2 | 204.23 | WARN | |||
r-devel-windows-x86_64 | 1.0.2 | 33.00 | 175.00 | 208.00 | OK | |
r-patched-linux-x86_64 | 1.0.2 | 12.96 | 135.03 | 147.99 | NOTE | |
r-release-linux-x86_64 | 1.0.2 | 12.79 | 135.51 | 148.30 | NOTE | |
r-release-macos-arm64 | 1.0.2 | 64.00 | NOTE | |||
r-release-macos-x86_64 | 1.0.2 | 185.00 | OK | |||
r-release-windows-x86_64 | 1.0.2 | 36.00 | 175.00 | 211.00 | OK | |
r-oldrel-macos-arm64 | 1.0.2 | 61.00 | OK | |||
r-oldrel-macos-x86_64 | 1.0.2 | 126.00 | OK | |||
r-oldrel-windows-ix86+x86_64 | 1.0.2 | 27.00 | 242.00 | 269.00 | OK |
Version: 1.0.2
Check: package dependencies
Result: NOTE
Package suggested but not available for checking: 'PerfMeas'
Flavors: r-devel-linux-x86_64-debian-clang, r-devel-linux-x86_64-debian-gcc, r-patched-linux-x86_64, r-release-linux-x86_64, r-release-macos-arm64
Version: 1.0.2
Check: package dependencies
Result: WARN
Package suggested but not available for checking: ‘PerfMeas’
Requires (indirectly) orphaned package: ‘gtools’
Flavors: r-devel-linux-x86_64-fedora-clang, r-devel-linux-x86_64-fedora-gcc