Last updated on 2024-04-28 12:54:43 CEST.
Flavor | Version | Tinstall | Tcheck | Ttotal | Status | Flags |
---|---|---|---|---|---|---|
r-devel-linux-x86_64-debian-clang | 1.0.0 | 1.72 | 26.42 | 28.14 | NOTE | |
r-devel-linux-x86_64-debian-gcc | 1.0.0 | 1.25 | 19.88 | 21.13 | NOTE | |
r-devel-linux-x86_64-fedora-clang | 1.0.0 | 35.22 | NOTE | |||
r-devel-linux-x86_64-fedora-gcc | 1.0.0 | 33.25 | NOTE | |||
r-devel-windows-x86_64 | 1.0.0 | 3.00 | 41.00 | 44.00 | NOTE | |
r-patched-linux-x86_64 | 1.0.0 | 1.44 | 25.60 | 27.04 | NOTE | |
r-release-linux-x86_64 | 1.0.0 | 1.50 | 25.07 | 26.57 | NOTE | |
r-release-macos-arm64 | 1.0.0 | 15.00 | NOTE | |||
r-release-windows-x86_64 | 1.0.0 | 4.00 | 48.00 | 52.00 | NOTE | |
r-oldrel-macos-arm64 | 1.0.0 | 19.00 | NOTE | |||
r-oldrel-macos-x86_64 | 1.0.0 | 22.00 | NOTE | |||
r-oldrel-windows-x86_64 | 1.0.0 | 4.00 | 43.00 | 47.00 | NOTE |
Version: 1.0.0
Check: LazyData
Result: NOTE
'LazyData' is specified without a 'data' directory
Flavors: r-devel-linux-x86_64-debian-clang, r-devel-linux-x86_64-debian-gcc, r-devel-linux-x86_64-fedora-clang, r-devel-linux-x86_64-fedora-gcc, r-devel-windows-x86_64, r-patched-linux-x86_64, r-release-linux-x86_64, r-release-macos-arm64, r-release-windows-x86_64, r-oldrel-macos-arm64, r-oldrel-macos-x86_64, r-oldrel-windows-x86_64