Last updated on 2024-07-17 12:40:36 CEST.
Flavor | Version | Tinstall | Tcheck | Ttotal | Status | Flags |
---|---|---|---|---|---|---|
r-devel-linux-x86_64-debian-clang | 1.0.2 | 76.05 | 41.09 | 117.14 | NOTE | |
r-devel-linux-x86_64-debian-gcc | 1.0.2 | 45.73 | 31.02 | 76.75 | NOTE | |
r-devel-linux-x86_64-fedora-clang | 1.0.2 | 162.65 | NOTE | |||
r-devel-linux-x86_64-fedora-gcc | 1.0.2 | 165.22 | NOTE | |||
r-devel-windows-x86_64 | 1.0.2 | 57.00 | 73.00 | 130.00 | NOTE | |
r-patched-linux-x86_64 | 1.0.2 | 58.96 | 39.16 | 98.12 | NOTE | |
r-release-linux-x86_64 | 1.0.2 | 62.86 | 39.72 | 102.58 | NOTE | |
r-release-macos-arm64 | 1.0.2 | 37.00 | NOTE | |||
r-release-macos-x86_64 | 1.0.2 | 49.00 | NOTE | |||
r-release-windows-x86_64 | 1.0.2 | 57.00 | 75.00 | 132.00 | NOTE | |
r-oldrel-macos-arm64 | 1.0.2 | 42.00 | OK | |||
r-oldrel-macos-x86_64 | 1.0.2 | 61.00 | OK | |||
r-oldrel-windows-x86_64 | 1.0.2 | 67.00 | 82.00 | 149.00 | OK |
Version: 1.0.2
Check: Rd files
Result: NOTE
checkRd: (-1) pqrBayes.Rd:58: Lost braces; missing escapes or markup?
58 | When {sparse=TRUE} (default), spike--and--slab priors are adopted. Otherwise, Laplacian shrinkage will be used.
| ^
checkRd: (-1) pqrBayes.Rd:62: Lost braces in \itemize; meant \describe ?
checkRd: (-1) pqrBayes.Rd:63: Lost braces in \itemize; meant \describe ?
Flavors: r-devel-linux-x86_64-debian-clang, r-devel-linux-x86_64-debian-gcc, r-devel-linux-x86_64-fedora-clang, r-devel-linux-x86_64-fedora-gcc, r-devel-windows-x86_64, r-patched-linux-x86_64, r-release-linux-x86_64, r-release-macos-arm64, r-release-macos-x86_64, r-release-windows-x86_64