Last updated on 2024-04-18 12:52:55 CEST.
Flavor | Version | Tinstall | Tcheck | Ttotal | Status | Flags |
---|---|---|---|---|---|---|
r-devel-linux-x86_64-debian-clang | 0.0.5 | 3.15 | 37.03 | 40.18 | OK | |
r-devel-linux-x86_64-debian-gcc | 0.0.5 | 2.25 | 28.93 | 31.18 | OK | |
r-devel-linux-x86_64-fedora-clang | 0.0.5 | 50.43 | NOTE | |||
r-devel-linux-x86_64-fedora-gcc | 0.0.5 | 47.77 | NOTE | |||
r-prerel-macos-arm64 | 0.0.5 | 21.00 | OK | |||
r-prerel-macos-x86_64 | 0.0.5 | 43.00 | OK | |||
r-prerel-windows-x86_64 | 0.0.5 | 4.00 | 50.00 | 54.00 | OK | |
r-patched-linux-x86_64 | 0.0.5 | 2.54 | 36.72 | 39.26 | OK | |
r-release-linux-x86_64 | 0.0.5 | 1.71 | 36.11 | 37.82 | OK | |
r-release-macos-arm64 | 0.0.5 | 24.00 | OK | |||
r-release-macos-x86_64 | 0.0.5 | 36.00 | OK | |||
r-release-windows-x86_64 | 0.0.5 | 4.00 | 53.00 | 57.00 | OK | |
r-oldrel-macos-arm64 | 0.0.5 | 26.00 | OK | |||
r-oldrel-windows-x86_64 | 0.0.5 | 4.00 | 56.00 | 60.00 | OK |
Version: 0.0.5
Check: dependencies in R code
Result: NOTE
Namespaces in Imports field not imported from:
‘rpart’ ‘withr’
All declared Imports should be used.
Flavors: r-devel-linux-x86_64-fedora-clang, r-devel-linux-x86_64-fedora-gcc