Last updated on 2023-09-23 11:50:25 CEST.
Flavor | Version | Tinstall | Tcheck | Ttotal | Status | Flags |
---|---|---|---|---|---|---|
r-devel-linux-x86_64-debian-clang | 1.3 | 14.57 | 174.93 | 189.50 | NOTE | |
r-devel-linux-x86_64-debian-gcc | 1.3 | 13.01 | 119.18 | 132.19 | NOTE | |
r-devel-linux-x86_64-fedora-clang | 1.3 | 214.20 | NOTE | |||
r-devel-linux-x86_64-fedora-gcc | 1.3 | 214.16 | NOTE | |||
r-devel-windows-x86_64 | 1.3 | 13.00 | 138.00 | 151.00 | NOTE | |
r-patched-linux-x86_64 | 1.3 | 9.70 | 152.55 | 162.25 | OK | |
r-release-linux-x86_64 | 1.3 | 9.26 | 151.99 | 161.25 | OK | |
r-release-macos-arm64 | 1.3 | 64.00 | OK | |||
r-release-macos-x86_64 | 1.3 | 114.00 | OK | |||
r-release-windows-x86_64 | 1.3 | 17.00 | 153.00 | 170.00 | OK | |
r-oldrel-macos-arm64 | 1.3 | 57.00 | OK | |||
r-oldrel-macos-x86_64 | 1.3 | 88.00 | OK | |||
r-oldrel-windows-x86_64 | 1.3 | 17.00 | 166.00 | 183.00 | OK |
Version: 1.3
Check: Rd \usage sections
Result: NOTE
Objects in \usage without \alias in documentation object 'ppmlasso-internal':
‘spatRes’
Functions with \usage entries need to have the appropriate \alias
entries, and all their arguments documented.
The \usage entries must correspond to syntactically valid R code.
See chapter ‘Writing R documentation files’ in the ‘Writing R
Extensions’ manual.
Flavors: r-devel-linux-x86_64-debian-clang, r-devel-linux-x86_64-debian-gcc, r-devel-linux-x86_64-fedora-clang, r-devel-linux-x86_64-fedora-gcc, r-devel-windows-x86_64