CRAN Package Check Results for Package ppmSuite

Last updated on 2024-05-26 10:56:20 CEST.

Flavor Version Tinstall Tcheck Ttotal Status Flags
r-devel-linux-x86_64-debian-clang 0.3.4 27.16 71.24 98.40 NOTE
r-devel-linux-x86_64-debian-gcc 0.3.4 23.50 53.77 77.27 NOTE
r-devel-linux-x86_64-fedora-clang 0.3.4 119.26 NOTE
r-devel-linux-x86_64-fedora-gcc 0.3.4 127.84 NOTE
r-devel-windows-x86_64 0.3.4 30.00 78.00 108.00 NOTE
r-patched-linux-x86_64 0.3.4 28.62 66.35 94.97 NOTE
r-release-linux-x86_64 0.3.4 33.03 67.27 100.30 NOTE
r-release-macos-arm64 0.3.4 39.00 NOTE
r-release-windows-x86_64 0.3.4 32.00 86.00 118.00 NOTE
r-oldrel-macos-arm64 0.3.4 39.00 OK
r-oldrel-macos-x86_64 0.3.4 81.00 OK
r-oldrel-windows-x86_64 0.3.4 29.00 86.00 115.00 OK

Check Details

Version: 0.3.4
Check: Rd files
Result: NOTE checkRd: (-1) ccp_ppm.Rd:26: Lost braces; missing escapes or markup? 26 | \item{model}{Determines of model fit is such that there are p_{it}s (model=1) or | ^ checkRd: (-1) curve_ppmx.Rd:145: Lost braces; missing escapes or markup? 145 | \item sig2 - a matrix of dimension (T, N) containing MCMC iterates associated with each subjects variance parameter (sigma2*_{c_i}) | ^ checkRd: (-1) gaussian_ppmx.Rd:143: Lost braces; missing escapes or markup? 143 | \item mu - a matrix of dimension (T, N) containing MCMC iterates associated with each subjects mean parameter (mu*_{c_i}). | ^ checkRd: (-1) gaussian_ppmx.Rd:145: Lost braces; missing escapes or markup? 145 | \item sig2 - a matrix of dimension (T, N) containing MCMC iterates associated with each subjects variance parameter (sigma2*_{c_i}) | ^ checkRd: (-1) ordinal_ppmx.Rd:145: Lost braces; missing escapes or markup? 145 | \item mu - a matrix of dimension (T, N) containing MCMC iterates associated with each subjects mean parameter (mu*_{c_i}). | ^ checkRd: (-1) ordinal_ppmx.Rd:147: Lost braces; missing escapes or markup? 147 | \item sig2 - a matrix of dimension (T, N) containing MCMC iterates associated with each sujbects variance parameter (sigma2*_{c_i}) | ^ Flavors: r-devel-linux-x86_64-debian-clang, r-devel-linux-x86_64-debian-gcc, r-devel-linux-x86_64-fedora-clang, r-devel-linux-x86_64-fedora-gcc, r-devel-windows-x86_64, r-patched-linux-x86_64, r-release-linux-x86_64, r-release-macos-arm64, r-release-windows-x86_64