CRAN Package Check Results for Package ppcong

Last updated on 2023-09-29 12:57:06 CEST.

Flavor Version Tinstall Tcheck Ttotal Status Flags
r-devel-linux-x86_64-debian-clang 0.0.2 2.52 25.12 27.64 NOTE
r-devel-linux-x86_64-debian-gcc 0.0.2 2.01 19.46 21.47 NOTE
r-devel-linux-x86_64-fedora-clang 0.0.2 34.18 NOTE
r-devel-linux-x86_64-fedora-gcc 0.0.2 35.13 NOTE
r-devel-windows-x86_64 0.0.2 4.00 43.00 47.00 NOTE
r-patched-linux-x86_64 0.0.2 2.21 24.61 26.82 NOTE
r-release-linux-x86_64 0.0.2 2.39 24.97 27.36 NOTE
r-release-macos-arm64 0.0.2 18.00 NOTE
r-release-macos-x86_64 0.0.2 20.00 NOTE
r-release-windows-x86_64 0.0.2 4.00 41.00 45.00 NOTE
r-oldrel-macos-arm64 0.0.2 16.00 NOTE
r-oldrel-macos-x86_64 0.0.2 23.00 NOTE
r-oldrel-windows-x86_64 0.0.2 5.00 45.00 50.00 NOTE

Check Details

Version: 0.0.2
Check: LazyData
Result: NOTE
     'LazyData' is specified without a 'data' directory
Flavors: r-devel-linux-x86_64-debian-clang, r-devel-linux-x86_64-debian-gcc, r-devel-linux-x86_64-fedora-clang, r-devel-linux-x86_64-fedora-gcc, r-devel-windows-x86_64, r-patched-linux-x86_64, r-release-linux-x86_64, r-release-macos-arm64, r-release-macos-x86_64, r-release-windows-x86_64, r-oldrel-macos-arm64, r-oldrel-macos-x86_64, r-oldrel-windows-x86_64