Last updated on 2024-04-18 12:52:55 CEST.
Flavor | Version | Tinstall | Tcheck | Ttotal | Status | Flags |
---|---|---|---|---|---|---|
r-devel-linux-x86_64-debian-clang | 1.1.0.1 | 11.26 | 228.60 | 239.86 | OK | |
r-devel-linux-x86_64-debian-gcc | 1.1.0.1 | 7.73 | 154.89 | 162.62 | OK | |
r-devel-linux-x86_64-fedora-clang | 1.1.0.1 | 286.05 | NOTE | |||
r-devel-linux-x86_64-fedora-gcc | 1.1.0.1 | 283.17 | OK | |||
r-prerel-macos-arm64 | 1.1.0.1 | 63.00 | NOTE | |||
r-prerel-windows-x86_64 | 1.1.0.1 | 10.00 | 147.00 | 157.00 | NOTE | |
r-patched-linux-x86_64 | 1.1.0.1 | 9.71 | 211.96 | 221.67 | OK | |
r-release-linux-x86_64 | 1.1.0.1 | 9.11 | 212.44 | 221.55 | OK | |
r-release-macos-arm64 | 1.1.0.1 | 70.00 | NOTE | |||
r-release-macos-x86_64 | 1.1.0.1 | 168.00 | NOTE | |||
r-release-windows-x86_64 | 1.1.0.1 | 13.00 | 219.00 | 232.00 | NOTE | |
r-oldrel-macos-arm64 | 1.1.0.1 | 89.00 | NOTE | |||
r-oldrel-windows-x86_64 | 1.1.0.1 | 15.00 | 188.00 | 203.00 | NOTE |
Version: 1.1.0.1
Check: installed package size
Result: NOTE
installed size is 6.7Mb
sub-directories of 1Mb or more:
doc 6.2Mb
Flavors: r-devel-linux-x86_64-fedora-clang, r-prerel-macos-arm64, r-prerel-windows-x86_64, r-release-macos-arm64, r-release-macos-x86_64, r-release-windows-x86_64, r-oldrel-macos-arm64, r-oldrel-windows-x86_64